{"id":24736,"date":"2024-11-20T17:10:25","date_gmt":"2024-11-20T16:10:25","guid":{"rendered":"https:\/\/marneantic.com\/?post_type=product&#038;p=24736"},"modified":"2024-11-20T17:18:15","modified_gmt":"2024-11-20T16:18:15","slug":"porte-savon-couvert-ancien-en-faience-de-nimy","status":"publish","type":"product","link":"https:\/\/marneantic.com\/index.php\/produit\/porte-savon-couvert-ancien-en-faience-de-nimy\/","title":{"rendered":"Porte-savon couvert ancien en fa\u00efence de Nimy"},"content":{"rendered":"","protected":false},"excerpt":{"rendered":"<p>Porte-savon couvert ancien en fa\u00efence de Nimy, en tr\u00e8s bon \u00e9tat, longueur:21.5cm,largeur:9cm,hauteur:7cm<\/p>\n","protected":false},"featured_media":24737,"comment_status":"closed","ping_status":"closed","template":"","meta":{"_et_pb_use_builder":"","_et_pb_old_content":"","_et_gb_content_width":""},"product_cat":[8],"product_tag":[],"_links":{"self":[{"href":"https:\/\/marneantic.com\/index.php\/wp-json\/wp\/v2\/product\/24736"}],"collection":[{"href":"https:\/\/marneantic.com\/index.php\/wp-json\/wp\/v2\/product"}],"about":[{"href":"https:\/\/marneantic.com\/index.php\/wp-json\/wp\/v2\/types\/product"}],"replies":[{"embeddable":true,"href":"https:\/\/marneantic.com\/index.php\/wp-json\/wp\/v2\/comments?post=24736"}],"wp:featuredmedia":[{"embeddable":true,"href":"https:\/\/marneantic.com\/index.php\/wp-json\/wp\/v2\/media\/24737"}],"wp:attachment":[{"href":"https:\/\/marneantic.com\/index.php\/wp-json\/wp\/v2\/media?parent=24736"}],"wp:term":[{"taxonomy":"product_cat","embeddable":true,"href":"https:\/\/marneantic.com\/index.php\/wp-json\/wp\/v2\/product_cat?post=24736"},{"taxonomy":"product_tag","embeddable":true,"href":"https:\/\/marneantic.com\/index.php\/wp-json\/wp\/v2\/product_tag?post=24736"}],"curies":[{"name":"wp","href":"https:\/\/api.w.org\/{rel}","templated":true}]}}

Porte-savon couvert ancien en faïence de Nimy

<p>Porte-savon couvert ancien en faïence de Nimy, en très bon état, longueur:21.5cm,largeur:9cm,hauteur:7cm</p>
