{"id":24801,"date":"2024-11-25T17:03:00","date_gmt":"2024-11-25T16:03:00","guid":{"rendered":"https:\/\/marneantic.com\/?post_type=product&#038;p=24801"},"modified":"2024-11-25T17:04:51","modified_gmt":"2024-11-25T16:04:51","slug":"daum-petit-vase-en-cristal-rallye-lorraine-alsace-1957","status":"publish","type":"product","link":"https:\/\/marneantic.com\/index.php\/produit\/daum-petit-vase-en-cristal-rallye-lorraine-alsace-1957\/","title":{"rendered":"DAUM &#8211; petit vase en cristal &#8211; rallye Lorraine-Alsace 1957"},"content":{"rendered":"","protected":false},"excerpt":{"rendered":"<p><span style=\"font-family: Arial; font-size: large;\">DAUM &#8211; petit vase en cristal &#8211; 5eme rallye Lorraine &#8211; Alsace 1957<\/span><\/p>\n<div><span style=\"font-family: Arial; font-size: large;\">bon \u00e9tat sans \u00e9clats ni f\u00eales, rayures d&rsquo;usage<\/span><\/div>\n<div><span style=\"font-family: Arial; font-size: large;\">hauteur: 10.5cm<\/span><\/div>\n<div><span style=\"font-family: Arial; font-size: large;\">diam\u00e8tre haut: 10.5cm<\/span><\/div>\n","protected":false},"featured_media":24802,"comment_status":"open","ping_status":"closed","template":"","meta":{"_et_pb_use_builder":"","_et_pb_old_content":"","_et_gb_content_width":""},"product_cat":[14,8],"product_tag":[],"_links":{"self":[{"href":"https:\/\/marneantic.com\/index.php\/wp-json\/wp\/v2\/product\/24801"}],"collection":[{"href":"https:\/\/marneantic.com\/index.php\/wp-json\/wp\/v2\/product"}],"about":[{"href":"https:\/\/marneantic.com\/index.php\/wp-json\/wp\/v2\/types\/product"}],"replies":[{"embeddable":true,"href":"https:\/\/marneantic.com\/index.php\/wp-json\/wp\/v2\/comments?post=24801"}],"wp:featuredmedia":[{"embeddable":true,"href":"https:\/\/marneantic.com\/index.php\/wp-json\/wp\/v2\/media\/24802"}],"wp:attachment":[{"href":"https:\/\/marneantic.com\/index.php\/wp-json\/wp\/v2\/media?parent=24801"}],"wp:term":[{"taxonomy":"product_cat","embeddable":true,"href":"https:\/\/marneantic.com\/index.php\/wp-json\/wp\/v2\/product_cat?post=24801"},{"taxonomy":"product_tag","embeddable":true,"href":"https:\/\/marneantic.com\/index.php\/wp-json\/wp\/v2\/product_tag?post=24801"}],"curies":[{"name":"wp","href":"https:\/\/api.w.org\/{rel}","templated":true}]}}