{"id":25020,"date":"2025-01-08T14:49:55","date_gmt":"2025-01-08T13:49:55","guid":{"rendered":"https:\/\/marneantic.com\/?post_type=product&#038;p=25020"},"modified":"2025-01-08T14:58:05","modified_gmt":"2025-01-08T13:58:05","slug":"torchon-ancien-monogramme","status":"publish","type":"product","link":"https:\/\/marneantic.com\/index.php\/produit\/torchon-ancien-monogramme\/","title":{"rendered":"Torchon ancien monogramm\u00e9"},"content":{"rendered":"","protected":false},"excerpt":{"rendered":"<p>grand torchon ancien en coton monogramm\u00e9 BL, dimensions:78x64cm, tr\u00e8s bon \u00e9tat<\/p>\n","protected":false},"featured_media":25021,"comment_status":"open","ping_status":"closed","template":"","meta":{"_et_pb_use_builder":"","_et_pb_old_content":"","_et_gb_content_width":""},"product_cat":[33],"product_tag":[],"_links":{"self":[{"href":"https:\/\/marneantic.com\/index.php\/wp-json\/wp\/v2\/product\/25020"}],"collection":[{"href":"https:\/\/marneantic.com\/index.php\/wp-json\/wp\/v2\/product"}],"about":[{"href":"https:\/\/marneantic.com\/index.php\/wp-json\/wp\/v2\/types\/product"}],"replies":[{"embeddable":true,"href":"https:\/\/marneantic.com\/index.php\/wp-json\/wp\/v2\/comments?post=25020"}],"wp:featuredmedia":[{"embeddable":true,"href":"https:\/\/marneantic.com\/index.php\/wp-json\/wp\/v2\/media\/25021"}],"wp:attachment":[{"href":"https:\/\/marneantic.com\/index.php\/wp-json\/wp\/v2\/media?parent=25020"}],"wp:term":[{"taxonomy":"product_cat","embeddable":true,"href":"https:\/\/marneantic.com\/index.php\/wp-json\/wp\/v2\/product_cat?post=25020"},{"taxonomy":"product_tag","embeddable":true,"href":"https:\/\/marneantic.com\/index.php\/wp-json\/wp\/v2\/product_tag?post=25020"}],"curies":[{"name":"wp","href":"https:\/\/api.w.org\/{rel}","templated":true}]}}