{"id":25203,"date":"2025-01-22T16:17:49","date_gmt":"2025-01-22T15:17:49","guid":{"rendered":"https:\/\/marneantic.com\/?post_type=product&#038;p=25203"},"modified":"2025-01-22T16:20:26","modified_gmt":"2025-01-22T15:20:26","slug":"lampe-ancienne-laiton-et-tulipe-pate-de-verre-le-verre-francais","status":"publish","type":"product","link":"https:\/\/marneantic.com\/index.php\/produit\/lampe-ancienne-laiton-et-tulipe-pate-de-verre-le-verre-francais\/","title":{"rendered":"Lampe ancienne laiton et tulipe pate de verre \u00a0\u00bb Le verre Fran\u00e7ais \u00ab\u00a0"},"content":{"rendered":"","protected":false},"excerpt":{"rendered":"<div><b>Belle lampe ancienne en laiton avec poids en plomb au socle + tulipe pate de verre sign\u00e9e \u00ab\u00a0Le verre Fran\u00e7ais \u00ab\u00a0.<\/b><\/div>\n<div><b>Hauteur position photo : 60 cm<\/b><\/div>\n<div><b>r\u00e9glable en hauteur et inclinaison<\/b><\/div>\n<div><b>Electricit\u00e9 :c\u00e2ble \u00e9lectrique tissu aux normes actuelles, prise ancienne en bak\u00e9lite et interrupteur a la douille<\/b><\/div>\n<div><b>poids environ 5 kg<\/b><\/div>\n","protected":false},"featured_media":25209,"comment_status":"closed","ping_status":"closed","template":"","meta":{"_et_pb_use_builder":"","_et_pb_old_content":"","_et_gb_content_width":""},"product_cat":[24],"product_tag":[],"_links":{"self":[{"href":"https:\/\/marneantic.com\/index.php\/wp-json\/wp\/v2\/product\/25203"}],"collection":[{"href":"https:\/\/marneantic.com\/index.php\/wp-json\/wp\/v2\/product"}],"about":[{"href":"https:\/\/marneantic.com\/index.php\/wp-json\/wp\/v2\/types\/product"}],"replies":[{"embeddable":true,"href":"https:\/\/marneantic.com\/index.php\/wp-json\/wp\/v2\/comments?post=25203"}],"wp:featuredmedia":[{"embeddable":true,"href":"https:\/\/marneantic.com\/index.php\/wp-json\/wp\/v2\/media\/25209"}],"wp:attachment":[{"href":"https:\/\/marneantic.com\/index.php\/wp-json\/wp\/v2\/media?parent=25203"}],"wp:term":[{"taxonomy":"product_cat","embeddable":true,"href":"https:\/\/marneantic.com\/index.php\/wp-json\/wp\/v2\/product_cat?post=25203"},{"taxonomy":"product_tag","embeddable":true,"href":"https:\/\/marneantic.com\/index.php\/wp-json\/wp\/v2\/product_tag?post=25203"}],"curies":[{"name":"wp","href":"https:\/\/api.w.org\/{rel}","templated":true}]}}