{"id":25376,"date":"2025-02-13T11:44:59","date_gmt":"2025-02-13T10:44:59","guid":{"rendered":"https:\/\/marneantic.com\/?post_type=product&#038;p=25376"},"modified":"2025-02-13T11:53:14","modified_gmt":"2025-02-13T10:53:14","slug":"table-dappoint-rebords-rabattable-ancienne-en-chene","status":"publish","type":"product","link":"https:\/\/marneantic.com\/index.php\/produit\/table-dappoint-rebords-rabattable-ancienne-en-chene\/","title":{"rendered":"Table d&rsquo;appoint rebords rabattable ancienne en ch\u00eane"},"content":{"rendered":"","protected":false},"excerpt":{"rendered":"<p>Table d&rsquo;appoint a rebords rabattable ancienne en ch\u00eane, 2 tiroirs<br \/>\ntr\u00e8s bon \u00e9tat, a signaler un petit \u00e9cartement entre 2 panneaux du plateau(voir photo)<br \/>\ndimensions repli\u00e9es: 70x39cm,<br \/>\ndimensions d\u00e9pli\u00e9es: 76.5x70cm<br \/>\nhauteur: 69cm<br \/>\nLes produits propos\u00e9s dans notre boutique sont anciens, ils peuvent pr\u00e9sent\u00e9s des traces d\u2019usure, d&rsquo;usage ou rayures qui donnent au produit son caract\u00e8re et son authenticit\u00e9, ils sont pr\u00e9sent\u00e9s au mieux dans la description, \u00e0 travers photos et textes, merci de bien les regarder. Pas d&rsquo;exp\u00e9dition postale pour cet article, remise en main propre domicile ou livraison possible en r\u00e9gion parisienne(conditions sur demande)Les livraisons assur\u00e9es par nos soins se feront uniquement le samedi matin pour Paris et la petite couronne,<\/p>\n","protected":false},"featured_media":25379,"comment_status":"open","ping_status":"closed","template":"","meta":{"_et_pb_use_builder":"","_et_pb_old_content":"","_et_gb_content_width":""},"product_cat":[31,16],"product_tag":[],"_links":{"self":[{"href":"https:\/\/marneantic.com\/index.php\/wp-json\/wp\/v2\/product\/25376"}],"collection":[{"href":"https:\/\/marneantic.com\/index.php\/wp-json\/wp\/v2\/product"}],"about":[{"href":"https:\/\/marneantic.com\/index.php\/wp-json\/wp\/v2\/types\/product"}],"replies":[{"embeddable":true,"href":"https:\/\/marneantic.com\/index.php\/wp-json\/wp\/v2\/comments?post=25376"}],"wp:featuredmedia":[{"embeddable":true,"href":"https:\/\/marneantic.com\/index.php\/wp-json\/wp\/v2\/media\/25379"}],"wp:attachment":[{"href":"https:\/\/marneantic.com\/index.php\/wp-json\/wp\/v2\/media?parent=25376"}],"wp:term":[{"taxonomy":"product_cat","embeddable":true,"href":"https:\/\/marneantic.com\/index.php\/wp-json\/wp\/v2\/product_cat?post=25376"},{"taxonomy":"product_tag","embeddable":true,"href":"https:\/\/marneantic.com\/index.php\/wp-json\/wp\/v2\/product_tag?post=25376"}],"curies":[{"name":"wp","href":"https:\/\/api.w.org\/{rel}","templated":true}]}}