{"id":25400,"date":"2025-02-14T15:46:06","date_gmt":"2025-02-14T14:46:06","guid":{"rendered":"https:\/\/marneantic.com\/?post_type=product&#038;p=25400"},"modified":"2025-02-14T15:56:03","modified_gmt":"2025-02-14T14:56:03","slug":"lampadaire-vintage-annees-60-en-fer-forge","status":"publish","type":"product","link":"https:\/\/marneantic.com\/index.php\/produit\/lampadaire-vintage-annees-60-en-fer-forge\/","title":{"rendered":"Lampadaire vintage ann\u00e9es 60&prime; en fer forg\u00e9"},"content":{"rendered":"","protected":false},"excerpt":{"rendered":"<p>Lampadaire vintage ann\u00e9es 60&prime; en fer forg\u00e9, il a \u00e9t\u00e9 repeint en blanc et des sauts de peinture sont visibles a de nombreux endroits sur le pied<br \/>\nen bon \u00e9tat avec abat jour d&rsquo;\u00e9poque, douille ba\u00efonnette, test\u00e9 fonctionne parfaitement<br \/>\nfournie sans ampoule<br \/>\nhauteur avec abat-jour: 184cm<br \/>\ndiam\u00e8tre abat-jour: 40cm<br \/>\ndiam\u00e8tre du pied: 48cm<\/p>\n<p>pas d&rsquo;exp\u00e9dition postale pour cet article, remise en main propre domicile ou livraison possible en r\u00e9gion parisienne(conditions sur demande) Les produits propos\u00e9s dans notre boutique sont anciens, ils peuvent pr\u00e9sent\u00e9s des traces d\u2019usure, d&rsquo;usage ou rayures qui donnent au produit son caract\u00e8re et son authenticit\u00e9, ils sont pr\u00e9sent\u00e9s au mieux dans la description, \u00e0 travers photos et textes, merci de bien les regarder.<br \/>\nLes livraisons assur\u00e9es par nos soins se feront uniquement le samedi matin pour Paris et la petite couronne<\/p>\n","protected":false},"featured_media":25405,"comment_status":"open","ping_status":"closed","template":"","meta":{"_et_pb_use_builder":"","_et_pb_old_content":"","_et_gb_content_width":""},"product_cat":[24,31],"product_tag":[],"_links":{"self":[{"href":"https:\/\/marneantic.com\/index.php\/wp-json\/wp\/v2\/product\/25400"}],"collection":[{"href":"https:\/\/marneantic.com\/index.php\/wp-json\/wp\/v2\/product"}],"about":[{"href":"https:\/\/marneantic.com\/index.php\/wp-json\/wp\/v2\/types\/product"}],"replies":[{"embeddable":true,"href":"https:\/\/marneantic.com\/index.php\/wp-json\/wp\/v2\/comments?post=25400"}],"wp:featuredmedia":[{"embeddable":true,"href":"https:\/\/marneantic.com\/index.php\/wp-json\/wp\/v2\/media\/25405"}],"wp:attachment":[{"href":"https:\/\/marneantic.com\/index.php\/wp-json\/wp\/v2\/media?parent=25400"}],"wp:term":[{"taxonomy":"product_cat","embeddable":true,"href":"https:\/\/marneantic.com\/index.php\/wp-json\/wp\/v2\/product_cat?post=25400"},{"taxonomy":"product_tag","embeddable":true,"href":"https:\/\/marneantic.com\/index.php\/wp-json\/wp\/v2\/product_tag?post=25400"}],"curies":[{"name":"wp","href":"https:\/\/api.w.org\/{rel}","templated":true}]}}