{"id":25449,"date":"2025-02-17T13:46:01","date_gmt":"2025-02-17T12:46:01","guid":{"rendered":"https:\/\/marneantic.com\/?post_type=product&#038;p=25449"},"modified":"2025-02-17T13:56:30","modified_gmt":"2025-02-17T12:56:30","slug":"lampe-art-deco-ancienne","status":"publish","type":"product","link":"https:\/\/marneantic.com\/index.php\/produit\/lampe-art-deco-ancienne\/","title":{"rendered":"Lampe art d\u00e9co ancienne"},"content":{"rendered":"","protected":false},"excerpt":{"rendered":"<p><strong>Lampe art d\u00e9co ancienne, pied en fer forg\u00e9 et tulipe en verre d\u00e9poli, en tr\u00e8s bon \u00e9tat, fonctionne parfaitement<\/strong><\/p>\n<div><strong>fournie avec ampoule<\/strong><\/div>\n<div><strong>hauteur totale: 32cm<\/strong><\/div>\n<div><strong>diam\u00e8tre tulipe: 11.2cm<\/strong><\/div>\n<div><strong>diam\u00e8tre pied: 13cm<\/strong><\/div>\n","protected":false},"featured_media":25450,"comment_status":"open","ping_status":"closed","template":"","meta":{"_et_pb_use_builder":"","_et_pb_old_content":"","_et_gb_content_width":""},"product_cat":[44,24],"product_tag":[],"_links":{"self":[{"href":"https:\/\/marneantic.com\/index.php\/wp-json\/wp\/v2\/product\/25449"}],"collection":[{"href":"https:\/\/marneantic.com\/index.php\/wp-json\/wp\/v2\/product"}],"about":[{"href":"https:\/\/marneantic.com\/index.php\/wp-json\/wp\/v2\/types\/product"}],"replies":[{"embeddable":true,"href":"https:\/\/marneantic.com\/index.php\/wp-json\/wp\/v2\/comments?post=25449"}],"wp:featuredmedia":[{"embeddable":true,"href":"https:\/\/marneantic.com\/index.php\/wp-json\/wp\/v2\/media\/25450"}],"wp:attachment":[{"href":"https:\/\/marneantic.com\/index.php\/wp-json\/wp\/v2\/media?parent=25449"}],"wp:term":[{"taxonomy":"product_cat","embeddable":true,"href":"https:\/\/marneantic.com\/index.php\/wp-json\/wp\/v2\/product_cat?post=25449"},{"taxonomy":"product_tag","embeddable":true,"href":"https:\/\/marneantic.com\/index.php\/wp-json\/wp\/v2\/product_tag?post=25449"}],"curies":[{"name":"wp","href":"https:\/\/api.w.org\/{rel}","templated":true}]}}