{"id":25556,"date":"2025-03-10T15:08:59","date_gmt":"2025-03-10T14:08:59","guid":{"rendered":"https:\/\/marneantic.com\/?post_type=product&#038;p=25556"},"modified":"2025-03-10T15:10:54","modified_gmt":"2025-03-10T14:10:54","slug":"petit-coffret-oriental-marquete-ancien","status":"publish","type":"product","link":"https:\/\/marneantic.com\/index.php\/produit\/petit-coffret-oriental-marquete-ancien\/","title":{"rendered":"Petit coffret oriental marquet\u00e9 ancien"},"content":{"rendered":"","protected":false},"excerpt":{"rendered":"<p><span style=\"font-family: Arial; font-size: large;\">Petit coffret oriental marquet\u00e9 ancien, en tr\u00e8s bon \u00e9tat, fermeture fonctionne<\/span><\/p>\n<div><span style=\"font-family: Arial; font-size: large;\">dimensions: 13.5&#215;10.3cm<\/span><\/div>\n<div><span style=\"font-family: Arial; font-size: large;\">hauteur: 6cm<\/span><\/div>\n","protected":false},"featured_media":25557,"comment_status":"open","ping_status":"closed","template":"","meta":{"_et_pb_use_builder":"","_et_pb_old_content":"","_et_gb_content_width":""},"product_cat":[14,8],"product_tag":[],"_links":{"self":[{"href":"https:\/\/marneantic.com\/index.php\/wp-json\/wp\/v2\/product\/25556"}],"collection":[{"href":"https:\/\/marneantic.com\/index.php\/wp-json\/wp\/v2\/product"}],"about":[{"href":"https:\/\/marneantic.com\/index.php\/wp-json\/wp\/v2\/types\/product"}],"replies":[{"embeddable":true,"href":"https:\/\/marneantic.com\/index.php\/wp-json\/wp\/v2\/comments?post=25556"}],"wp:featuredmedia":[{"embeddable":true,"href":"https:\/\/marneantic.com\/index.php\/wp-json\/wp\/v2\/media\/25557"}],"wp:attachment":[{"href":"https:\/\/marneantic.com\/index.php\/wp-json\/wp\/v2\/media?parent=25556"}],"wp:term":[{"taxonomy":"product_cat","embeddable":true,"href":"https:\/\/marneantic.com\/index.php\/wp-json\/wp\/v2\/product_cat?post=25556"},{"taxonomy":"product_tag","embeddable":true,"href":"https:\/\/marneantic.com\/index.php\/wp-json\/wp\/v2\/product_tag?post=25556"}],"curies":[{"name":"wp","href":"https:\/\/api.w.org\/{rel}","templated":true}]}}