{"id":25583,"date":"2025-03-12T16:11:56","date_gmt":"2025-03-12T15:11:56","guid":{"rendered":"https:\/\/marneantic.com\/?post_type=product&#038;p=25583"},"modified":"2025-07-27T14:33:14","modified_gmt":"2025-07-27T13:33:14","slug":"assiette-ancienne-en-porcelaine-de-limoges-theodore-haviland-2","status":"publish","type":"product","link":"https:\/\/marneantic.com\/index.php\/produit\/assiette-ancienne-en-porcelaine-de-limoges-theodore-haviland-2\/","title":{"rendered":"Assiette ancienne en porcelaine de Limoges &#8211; Theodore HAVILAND"},"content":{"rendered":"","protected":false},"excerpt":{"rendered":"<p>Assiette de service ancienne en porcelaine de Limoges &#8211; Theodore HAVILAND vers 1920 ,en tr\u00e8s bon \u00e9tat,diam\u00e8tre:24.6cm<\/p>\n","protected":false},"featured_media":25584,"comment_status":"closed","ping_status":"closed","template":"","meta":{"_et_pb_use_builder":"","_et_pb_old_content":"","_et_gb_content_width":""},"product_cat":[44,27,7],"product_tag":[],"_links":{"self":[{"href":"https:\/\/marneantic.com\/index.php\/wp-json\/wp\/v2\/product\/25583"}],"collection":[{"href":"https:\/\/marneantic.com\/index.php\/wp-json\/wp\/v2\/product"}],"about":[{"href":"https:\/\/marneantic.com\/index.php\/wp-json\/wp\/v2\/types\/product"}],"replies":[{"embeddable":true,"href":"https:\/\/marneantic.com\/index.php\/wp-json\/wp\/v2\/comments?post=25583"}],"wp:featuredmedia":[{"embeddable":true,"href":"https:\/\/marneantic.com\/index.php\/wp-json\/wp\/v2\/media\/25584"}],"wp:attachment":[{"href":"https:\/\/marneantic.com\/index.php\/wp-json\/wp\/v2\/media?parent=25583"}],"wp:term":[{"taxonomy":"product_cat","embeddable":true,"href":"https:\/\/marneantic.com\/index.php\/wp-json\/wp\/v2\/product_cat?post=25583"},{"taxonomy":"product_tag","embeddable":true,"href":"https:\/\/marneantic.com\/index.php\/wp-json\/wp\/v2\/product_tag?post=25583"}],"curies":[{"name":"wp","href":"https:\/\/api.w.org\/{rel}","templated":true}]}}