{"id":25587,"date":"2025-03-12T16:58:27","date_gmt":"2025-03-12T15:58:27","guid":{"rendered":"https:\/\/marneantic.com\/?post_type=product&#038;p=25587"},"modified":"2025-03-12T17:03:09","modified_gmt":"2025-03-12T16:03:09","slug":"pichet-a-lait-art-deco-ancien-en-porcelaine","status":"publish","type":"product","link":"https:\/\/marneantic.com\/index.php\/produit\/pichet-a-lait-art-deco-ancien-en-porcelaine\/","title":{"rendered":"Pichet a lait art d\u00e9co ancien en porcelaine"},"content":{"rendered":"","protected":false},"excerpt":{"rendered":"<p><span style=\"font-family: Arial; font-size: large;\">Pichet a lait art d\u00e9co ancien en porcelaine, en tr\u00e8s bon \u00e9tat<\/span><\/p>\n<div><span style=\"font-family: Arial; font-size: large;\">hauteur:12.5cm<\/span><\/div>\n<div><span style=\"font-family: Arial; font-size: large;\">diametre:8cm hors poign\u00e9e et bec<\/span><\/div>\n<div><span style=\"font-family: Arial; font-size: large;\">aucune marque de fabrique<\/span><\/div>\n<div><\/div>\n","protected":false},"featured_media":25588,"comment_status":"closed","ping_status":"closed","template":"","meta":{"_et_pb_use_builder":"","_et_pb_old_content":"","_et_gb_content_width":""},"product_cat":[44,26,7],"product_tag":[],"_links":{"self":[{"href":"https:\/\/marneantic.com\/index.php\/wp-json\/wp\/v2\/product\/25587"}],"collection":[{"href":"https:\/\/marneantic.com\/index.php\/wp-json\/wp\/v2\/product"}],"about":[{"href":"https:\/\/marneantic.com\/index.php\/wp-json\/wp\/v2\/types\/product"}],"replies":[{"embeddable":true,"href":"https:\/\/marneantic.com\/index.php\/wp-json\/wp\/v2\/comments?post=25587"}],"wp:featuredmedia":[{"embeddable":true,"href":"https:\/\/marneantic.com\/index.php\/wp-json\/wp\/v2\/media\/25588"}],"wp:attachment":[{"href":"https:\/\/marneantic.com\/index.php\/wp-json\/wp\/v2\/media?parent=25587"}],"wp:term":[{"taxonomy":"product_cat","embeddable":true,"href":"https:\/\/marneantic.com\/index.php\/wp-json\/wp\/v2\/product_cat?post=25587"},{"taxonomy":"product_tag","embeddable":true,"href":"https:\/\/marneantic.com\/index.php\/wp-json\/wp\/v2\/product_tag?post=25587"}],"curies":[{"name":"wp","href":"https:\/\/api.w.org\/{rel}","templated":true}]}}