{"id":25685,"date":"2025-03-26T17:11:31","date_gmt":"2025-03-26T16:11:31","guid":{"rendered":"https:\/\/marneantic.com\/?post_type=product&#038;p=25685"},"modified":"2025-03-26T17:11:31","modified_gmt":"2025-03-26T16:11:31","slug":"service-dagitateurs-a-champagne-cocktail-en-bakelite-et-macassar-art-deco","status":"publish","type":"product","link":"https:\/\/marneantic.com\/index.php\/produit\/service-dagitateurs-a-champagne-cocktail-en-bakelite-et-macassar-art-deco\/","title":{"rendered":"Service d&rsquo;agitateurs \u00e0 champagne, cocktail en bak\u00e9lite et macassar Art D\u00e9co"},"content":{"rendered":"","protected":false},"excerpt":{"rendered":"<p><b>service d&rsquo;agitateurs a champagne\/cocktails, ensemble Art d\u00e9co pr\u00e9sentant un personnage en bois de Macassar et bras m\u00e9tal, avec un deux tonneaux<\/b><b>\u00a0du m\u00eame bois tenant chacun six agitateurs en bak\u00e9lite avec un embout en forme d&rsquo;\u00e9toile.<\/b><\/p>\n<div><b>tr\u00e8s bon \u00e9tat, les agitateurs sont dans chaque tonneaux de mod\u00e8les diff\u00e9rents, longueur: 20cm<\/b><\/div>\n<div><b>largeur: 6.7cm<\/b><\/div>\n<div><b>hauteur au personnage: 12.5cm<\/b><\/div>\n","protected":false},"featured_media":25686,"comment_status":"open","ping_status":"closed","template":"","meta":{"_et_pb_use_builder":"","_et_pb_old_content":"","_et_gb_content_width":""},"product_cat":[13,10,44],"product_tag":[],"_links":{"self":[{"href":"https:\/\/marneantic.com\/index.php\/wp-json\/wp\/v2\/product\/25685"}],"collection":[{"href":"https:\/\/marneantic.com\/index.php\/wp-json\/wp\/v2\/product"}],"about":[{"href":"https:\/\/marneantic.com\/index.php\/wp-json\/wp\/v2\/types\/product"}],"replies":[{"embeddable":true,"href":"https:\/\/marneantic.com\/index.php\/wp-json\/wp\/v2\/comments?post=25685"}],"wp:featuredmedia":[{"embeddable":true,"href":"https:\/\/marneantic.com\/index.php\/wp-json\/wp\/v2\/media\/25686"}],"wp:attachment":[{"href":"https:\/\/marneantic.com\/index.php\/wp-json\/wp\/v2\/media?parent=25685"}],"wp:term":[{"taxonomy":"product_cat","embeddable":true,"href":"https:\/\/marneantic.com\/index.php\/wp-json\/wp\/v2\/product_cat?post=25685"},{"taxonomy":"product_tag","embeddable":true,"href":"https:\/\/marneantic.com\/index.php\/wp-json\/wp\/v2\/product_tag?post=25685"}],"curies":[{"name":"wp","href":"https:\/\/api.w.org\/{rel}","templated":true}]}}