{"id":25766,"date":"2025-04-07T14:31:41","date_gmt":"2025-04-07T13:31:41","guid":{"rendered":"https:\/\/marneantic.com\/?post_type=product&#038;p=25766"},"modified":"2025-04-07T14:40:42","modified_gmt":"2025-04-07T13:40:42","slug":"plateau-ancien-en-porcelaine","status":"publish","type":"product","link":"https:\/\/marneantic.com\/index.php\/produit\/plateau-ancien-en-porcelaine\/","title":{"rendered":"Plateau ancien en porcelaine"},"content":{"rendered":"","protected":false},"excerpt":{"rendered":"<p>Plateau ancien en porcelaine, d\u00e9cor a damier, en tr\u00e8s bon \u00e9tat( a signaler une l\u00e9g\u00e8re usure de la couleur sur le rebord),dimensions:33.7x25cm, hauteur:2.5cm,aucune marque de fabrique<\/p>\n","protected":false},"featured_media":25767,"comment_status":"open","ping_status":"closed","template":"","meta":{"_et_pb_use_builder":"","_et_pb_old_content":"","_et_gb_content_width":""},"product_cat":[13,10,14],"product_tag":[],"_links":{"self":[{"href":"https:\/\/marneantic.com\/index.php\/wp-json\/wp\/v2\/product\/25766"}],"collection":[{"href":"https:\/\/marneantic.com\/index.php\/wp-json\/wp\/v2\/product"}],"about":[{"href":"https:\/\/marneantic.com\/index.php\/wp-json\/wp\/v2\/types\/product"}],"replies":[{"embeddable":true,"href":"https:\/\/marneantic.com\/index.php\/wp-json\/wp\/v2\/comments?post=25766"}],"wp:featuredmedia":[{"embeddable":true,"href":"https:\/\/marneantic.com\/index.php\/wp-json\/wp\/v2\/media\/25767"}],"wp:attachment":[{"href":"https:\/\/marneantic.com\/index.php\/wp-json\/wp\/v2\/media?parent=25766"}],"wp:term":[{"taxonomy":"product_cat","embeddable":true,"href":"https:\/\/marneantic.com\/index.php\/wp-json\/wp\/v2\/product_cat?post=25766"},{"taxonomy":"product_tag","embeddable":true,"href":"https:\/\/marneantic.com\/index.php\/wp-json\/wp\/v2\/product_tag?post=25766"}],"curies":[{"name":"wp","href":"https:\/\/api.w.org\/{rel}","templated":true}]}}