{"id":25770,"date":"2025-04-08T12:31:01","date_gmt":"2025-04-08T11:31:01","guid":{"rendered":"https:\/\/marneantic.com\/?post_type=product&#038;p=25770"},"modified":"2025-04-08T12:38:41","modified_gmt":"2025-04-08T11:38:41","slug":"6-verres-a-liqueur-art-deco-en-cristal","status":"publish","type":"product","link":"https:\/\/marneantic.com\/index.php\/produit\/6-verres-a-liqueur-art-deco-en-cristal\/","title":{"rendered":"6 Verres a liqueur art-d\u00e9co en cristal"},"content":{"rendered":"","protected":false},"excerpt":{"rendered":"<p><span style=\"font-size: large;\">6 Verres a liqueur art-d\u00e9co 6 facettes en cristal fum\u00e9, en tr\u00e8s bon \u00e9tat\u00a0<\/span><\/p>\n<div><span style=\"font-size: large;\">hauteur:6.7cm<\/span><\/div>\n<div><span style=\"font-size: large;\">buvant:5.2&#215;3.4cm<\/span><\/div>\n<div><\/div>\n","protected":false},"featured_media":25771,"comment_status":"closed","ping_status":"closed","template":"","meta":{"_et_pb_use_builder":"","_et_pb_old_content":"","_et_gb_content_width":""},"product_cat":[10,44,11],"product_tag":[],"_links":{"self":[{"href":"https:\/\/marneantic.com\/index.php\/wp-json\/wp\/v2\/product\/25770"}],"collection":[{"href":"https:\/\/marneantic.com\/index.php\/wp-json\/wp\/v2\/product"}],"about":[{"href":"https:\/\/marneantic.com\/index.php\/wp-json\/wp\/v2\/types\/product"}],"replies":[{"embeddable":true,"href":"https:\/\/marneantic.com\/index.php\/wp-json\/wp\/v2\/comments?post=25770"}],"wp:featuredmedia":[{"embeddable":true,"href":"https:\/\/marneantic.com\/index.php\/wp-json\/wp\/v2\/media\/25771"}],"wp:attachment":[{"href":"https:\/\/marneantic.com\/index.php\/wp-json\/wp\/v2\/media?parent=25770"}],"wp:term":[{"taxonomy":"product_cat","embeddable":true,"href":"https:\/\/marneantic.com\/index.php\/wp-json\/wp\/v2\/product_cat?post=25770"},{"taxonomy":"product_tag","embeddable":true,"href":"https:\/\/marneantic.com\/index.php\/wp-json\/wp\/v2\/product_tag?post=25770"}],"curies":[{"name":"wp","href":"https:\/\/api.w.org\/{rel}","templated":true}]}}