{"id":25847,"date":"2025-04-19T11:24:26","date_gmt":"2025-04-19T10:24:26","guid":{"rendered":"https:\/\/marneantic.com\/?post_type=product&#038;p=25847"},"modified":"2025-04-26T07:48:47","modified_gmt":"2025-04-26T06:48:47","slug":"etagere-string-murale-metal-1960-6-plateaux","status":"publish","type":"product","link":"https:\/\/marneantic.com\/index.php\/produit\/etagere-string-murale-metal-1960-6-plateaux\/","title":{"rendered":"Etag\u00e8re string murale m\u00e9tal 1960 &#8211; 6 plateaux"},"content":{"rendered":"","protected":false},"excerpt":{"rendered":"<p>Etag\u00e8re string murale m\u00e9tal vintage 1960 &#8211; 6 plateaux et monture m\u00e9tal dor\u00e9<br \/>\nen bon \u00e9tat, traces d&rsquo;usage<br \/>\nhauteur:58cm<br \/>\nlargeur: 48.5cm<br \/>\nprofondeur: 17cm<br \/>\nLes produits propos\u00e9s dans notre boutique sont anciens, ils peuvent pr\u00e9sent\u00e9s des traces d\u2019usure, d&rsquo;usage ou rayures qui donnent au produit son caract\u00e8re et son authenticit\u00e9, ils sont pr\u00e9sent\u00e9s au mieux dans la description, \u00e0 travers photos et textes, merci de bien les regarder.<\/p>\n","protected":false},"featured_media":25848,"comment_status":"open","ping_status":"closed","template":"","meta":{"_et_pb_use_builder":"","_et_pb_old_content":"","_et_gb_content_width":""},"product_cat":[31,16,30],"product_tag":[],"_links":{"self":[{"href":"https:\/\/marneantic.com\/index.php\/wp-json\/wp\/v2\/product\/25847"}],"collection":[{"href":"https:\/\/marneantic.com\/index.php\/wp-json\/wp\/v2\/product"}],"about":[{"href":"https:\/\/marneantic.com\/index.php\/wp-json\/wp\/v2\/types\/product"}],"replies":[{"embeddable":true,"href":"https:\/\/marneantic.com\/index.php\/wp-json\/wp\/v2\/comments?post=25847"}],"wp:featuredmedia":[{"embeddable":true,"href":"https:\/\/marneantic.com\/index.php\/wp-json\/wp\/v2\/media\/25848"}],"wp:attachment":[{"href":"https:\/\/marneantic.com\/index.php\/wp-json\/wp\/v2\/media?parent=25847"}],"wp:term":[{"taxonomy":"product_cat","embeddable":true,"href":"https:\/\/marneantic.com\/index.php\/wp-json\/wp\/v2\/product_cat?post=25847"},{"taxonomy":"product_tag","embeddable":true,"href":"https:\/\/marneantic.com\/index.php\/wp-json\/wp\/v2\/product_tag?post=25847"}],"curies":[{"name":"wp","href":"https:\/\/api.w.org\/{rel}","templated":true}]}}