{"id":25979,"date":"2025-05-06T15:23:50","date_gmt":"2025-05-06T14:23:50","guid":{"rendered":"https:\/\/marneantic.com\/?post_type=product&#038;p=25979"},"modified":"2025-05-06T15:32:17","modified_gmt":"2025-05-06T14:32:17","slug":"lampe-berger-en-porcelaine-de-limoges-tharaud","status":"publish","type":"product","link":"https:\/\/marneantic.com\/index.php\/produit\/lampe-berger-en-porcelaine-de-limoges-tharaud\/","title":{"rendered":"Lampe berger en porcelaine de Limoges \u00ab\u00a0THARAUD\u00a0\u00bb"},"content":{"rendered":"","protected":false},"excerpt":{"rendered":"<p>Lampe berger en porcelaine de Limoges \u00ab\u00a0THARAUD\u00a0\u00bb en tr\u00e8s bon \u00e9tat (petites traces sur le capuchon de la pierre), compl\u00e8te,hauteur:15.5cm,diametre:10cm<\/p>\n","protected":false},"featured_media":25980,"comment_status":"open","ping_status":"closed","template":"","meta":{"_et_pb_use_builder":"","_et_pb_old_content":"","_et_gb_content_width":""},"product_cat":[14,8],"product_tag":[],"_links":{"self":[{"href":"https:\/\/marneantic.com\/index.php\/wp-json\/wp\/v2\/product\/25979"}],"collection":[{"href":"https:\/\/marneantic.com\/index.php\/wp-json\/wp\/v2\/product"}],"about":[{"href":"https:\/\/marneantic.com\/index.php\/wp-json\/wp\/v2\/types\/product"}],"replies":[{"embeddable":true,"href":"https:\/\/marneantic.com\/index.php\/wp-json\/wp\/v2\/comments?post=25979"}],"wp:featuredmedia":[{"embeddable":true,"href":"https:\/\/marneantic.com\/index.php\/wp-json\/wp\/v2\/media\/25980"}],"wp:attachment":[{"href":"https:\/\/marneantic.com\/index.php\/wp-json\/wp\/v2\/media?parent=25979"}],"wp:term":[{"taxonomy":"product_cat","embeddable":true,"href":"https:\/\/marneantic.com\/index.php\/wp-json\/wp\/v2\/product_cat?post=25979"},{"taxonomy":"product_tag","embeddable":true,"href":"https:\/\/marneantic.com\/index.php\/wp-json\/wp\/v2\/product_tag?post=25979"}],"curies":[{"name":"wp","href":"https:\/\/api.w.org\/{rel}","templated":true}]}}