{"id":26063,"date":"2025-05-13T10:09:06","date_gmt":"2025-05-13T09:09:06","guid":{"rendered":"https:\/\/marneantic.com\/?post_type=product&#038;p=26063"},"modified":"2025-05-13T10:09:07","modified_gmt":"2025-05-13T09:09:07","slug":"service-a-condiments-ancien-faience-desvres-fourmaintraux","status":"publish","type":"product","link":"https:\/\/marneantic.com\/index.php\/produit\/service-a-condiments-ancien-faience-desvres-fourmaintraux\/","title":{"rendered":"Service a condiments ancien Fa\u00efence Desvres Fourmaintraux"},"content":{"rendered":"","protected":false},"excerpt":{"rendered":"<p><b><span style=\"font-family: Arial; font-size: large;\">Service a condiments ancien en Fa\u00efence de Desvres Fourmaintraux repr\u00e9sentant une femme faisant ses besoins et l\u00e9gend\u00e9\u00a0 \u00a0\u00a0\u00bb Cabourg\u00a0\u00bb<\/span><\/b><\/p>\n<div><b><span style=\"font-family: Arial; font-size: large;\">tr\u00e8s bon \u00e9tat<\/span><\/b><\/div>\n<div><b><span style=\"font-family: Arial; font-size: large;\">longueur: 12.5cm<\/span><\/b><\/div>\n<div><b><span style=\"font-family: Arial; font-size: large;\">largeur: 7.5cm<\/span><\/b><\/div>\n<div><b><span style=\"font-family: Arial; font-size: large;\">hauteur: 12.5cm<\/span><\/b><\/div>\n","protected":false},"featured_media":26064,"comment_status":"open","ping_status":"closed","template":"","meta":{"_et_pb_use_builder":"","_et_pb_old_content":"","_et_gb_content_width":""},"product_cat":[13,10],"product_tag":[],"_links":{"self":[{"href":"https:\/\/marneantic.com\/index.php\/wp-json\/wp\/v2\/product\/26063"}],"collection":[{"href":"https:\/\/marneantic.com\/index.php\/wp-json\/wp\/v2\/product"}],"about":[{"href":"https:\/\/marneantic.com\/index.php\/wp-json\/wp\/v2\/types\/product"}],"replies":[{"embeddable":true,"href":"https:\/\/marneantic.com\/index.php\/wp-json\/wp\/v2\/comments?post=26063"}],"wp:featuredmedia":[{"embeddable":true,"href":"https:\/\/marneantic.com\/index.php\/wp-json\/wp\/v2\/media\/26064"}],"wp:attachment":[{"href":"https:\/\/marneantic.com\/index.php\/wp-json\/wp\/v2\/media?parent=26063"}],"wp:term":[{"taxonomy":"product_cat","embeddable":true,"href":"https:\/\/marneantic.com\/index.php\/wp-json\/wp\/v2\/product_cat?post=26063"},{"taxonomy":"product_tag","embeddable":true,"href":"https:\/\/marneantic.com\/index.php\/wp-json\/wp\/v2\/product_tag?post=26063"}],"curies":[{"name":"wp","href":"https:\/\/api.w.org\/{rel}","templated":true}]}}