{"id":26094,"date":"2025-05-13T12:48:30","date_gmt":"2025-05-13T11:48:30","guid":{"rendered":"https:\/\/marneantic.com\/?post_type=product&#038;p=26094"},"modified":"2025-05-13T12:50:44","modified_gmt":"2025-05-13T11:50:44","slug":"enseigne-ancienne-en-metal-peint-mairie-ecole-biface","status":"publish","type":"product","link":"https:\/\/marneantic.com\/index.php\/produit\/enseigne-ancienne-en-metal-peint-mairie-ecole-biface\/","title":{"rendered":"Enseigne ancienne en m\u00e9tal peint \u00a0\u00bb Mairie Ecole \u00a0\u00bb biface"},"content":{"rendered":"","protected":false},"excerpt":{"rendered":"<p><b><span style=\"font-family: Arial; font-size: large;\">Enseigne ancienne en m\u00e9tal peint \u00a0\u00bb Mairie Ecole \u00a0\u00bb biface, dans son jus, coupures du m\u00e9tal, \u00e9clats de peinture, bel aspect d\u00e9coratif, accroches pr\u00e9vues pour potence<\/span><\/b><\/p>\n<div><b><span style=\"font-family: Arial; font-size: large;\">poids environ 7kg<\/span><\/b><\/div>\n<div><b><span style=\"font-family: Arial; font-size: large;\">longueur:100cm<\/span><\/b><\/div>\n<div><b><span style=\"font-family: Arial; font-size: large;\">hauteur:60cm<\/span><\/b><\/div>\n<div><b>pas d&rsquo;exp\u00e9dition postal pour cet objet, retrait domicile, livraison France par cocolis sur demande ou par mes soins en r\u00e9gion parisienne sur demande \u00e9galement<\/b><\/div>\n<div><b>le tarif de livraison indiqu\u00e9 n&rsquo;est qu&rsquo;indicatif et reste a affin\u00e9 suivant la destination<\/b><\/div>\n","protected":false},"featured_media":26095,"comment_status":"open","ping_status":"closed","template":"","meta":{"_et_pb_use_builder":"","_et_pb_old_content":"","_et_gb_content_width":""},"product_cat":[44,14,8],"product_tag":[],"_links":{"self":[{"href":"https:\/\/marneantic.com\/index.php\/wp-json\/wp\/v2\/product\/26094"}],"collection":[{"href":"https:\/\/marneantic.com\/index.php\/wp-json\/wp\/v2\/product"}],"about":[{"href":"https:\/\/marneantic.com\/index.php\/wp-json\/wp\/v2\/types\/product"}],"replies":[{"embeddable":true,"href":"https:\/\/marneantic.com\/index.php\/wp-json\/wp\/v2\/comments?post=26094"}],"wp:featuredmedia":[{"embeddable":true,"href":"https:\/\/marneantic.com\/index.php\/wp-json\/wp\/v2\/media\/26095"}],"wp:attachment":[{"href":"https:\/\/marneantic.com\/index.php\/wp-json\/wp\/v2\/media?parent=26094"}],"wp:term":[{"taxonomy":"product_cat","embeddable":true,"href":"https:\/\/marneantic.com\/index.php\/wp-json\/wp\/v2\/product_cat?post=26094"},{"taxonomy":"product_tag","embeddable":true,"href":"https:\/\/marneantic.com\/index.php\/wp-json\/wp\/v2\/product_tag?post=26094"}],"curies":[{"name":"wp","href":"https:\/\/api.w.org\/{rel}","templated":true}]}}