{"id":26138,"date":"2025-05-15T12:29:27","date_gmt":"2025-05-15T11:29:27","guid":{"rendered":"https:\/\/marneantic.com\/?post_type=product&#038;p=26138"},"modified":"2025-12-17T08:36:26","modified_gmt":"2025-12-17T07:36:26","slug":"coupe-art-deco-ancienne-en-verre-moule-bleu","status":"publish","type":"product","link":"https:\/\/marneantic.com\/index.php\/produit\/coupe-art-deco-ancienne-en-verre-moule-bleu\/","title":{"rendered":"Coupe art d\u00e9co ancienne en verre moul\u00e9 bleu"},"content":{"rendered":"","protected":false},"excerpt":{"rendered":"<p>Coupe art d\u00e9co ancienne en verre moul\u00e9 bleu, en bon \u00e9tat(rayures d&rsquo;usage) diam\u00e8tre:35cm<\/p>\n","protected":false},"featured_media":26139,"comment_status":"closed","ping_status":"closed","template":"","meta":{"_et_pb_use_builder":"","_et_pb_old_content":"","_et_gb_content_width":""},"product_cat":[13,10,44,14,8,30,11],"product_tag":[],"_links":{"self":[{"href":"https:\/\/marneantic.com\/index.php\/wp-json\/wp\/v2\/product\/26138"}],"collection":[{"href":"https:\/\/marneantic.com\/index.php\/wp-json\/wp\/v2\/product"}],"about":[{"href":"https:\/\/marneantic.com\/index.php\/wp-json\/wp\/v2\/types\/product"}],"replies":[{"embeddable":true,"href":"https:\/\/marneantic.com\/index.php\/wp-json\/wp\/v2\/comments?post=26138"}],"wp:featuredmedia":[{"embeddable":true,"href":"https:\/\/marneantic.com\/index.php\/wp-json\/wp\/v2\/media\/26139"}],"wp:attachment":[{"href":"https:\/\/marneantic.com\/index.php\/wp-json\/wp\/v2\/media?parent=26138"}],"wp:term":[{"taxonomy":"product_cat","embeddable":true,"href":"https:\/\/marneantic.com\/index.php\/wp-json\/wp\/v2\/product_cat?post=26138"},{"taxonomy":"product_tag","embeddable":true,"href":"https:\/\/marneantic.com\/index.php\/wp-json\/wp\/v2\/product_tag?post=26138"}],"curies":[{"name":"wp","href":"https:\/\/api.w.org\/{rel}","templated":true}]}}