{"id":26152,"date":"2025-05-15T13:19:42","date_gmt":"2025-05-15T12:19:42","guid":{"rendered":"https:\/\/marneantic.com\/?post_type=product&#038;p=26152"},"modified":"2025-05-15T13:25:28","modified_gmt":"2025-05-15T12:25:28","slug":"coupe-vintage-en-ceramique-signature-a-identifiee","status":"publish","type":"product","link":"https:\/\/marneantic.com\/index.php\/produit\/coupe-vintage-en-ceramique-signature-a-identifiee\/","title":{"rendered":"Coupe vintage en c\u00e9ramique, signature a identifi\u00e9e"},"content":{"rendered":"","protected":false},"excerpt":{"rendered":"<p><b><span style=\"font-family: Arial; font-size: large;\">grande coupe vintage en c\u00e9ramique, sign\u00e9e, en bon \u00e9tat, a signaler 2 petites bulles d&rsquo;\u00e9mail \u00e9clat\u00e9es en fond de pi\u00e8ce<\/span><\/b><\/p>\n<div><b><span style=\"font-family: Arial; font-size: large;\">diam\u00e8tre: 34.5cm<\/span><\/b><\/div>\n<div><b><span style=\"font-family: Arial; font-size: large;\">hauteur: 6.5cm<\/span><\/b><\/div>\n","protected":false},"featured_media":26153,"comment_status":"closed","ping_status":"closed","template":"","meta":{"_et_pb_use_builder":"","_et_pb_old_content":"","_et_gb_content_width":""},"product_cat":[14,8,16,7],"product_tag":[],"_links":{"self":[{"href":"https:\/\/marneantic.com\/index.php\/wp-json\/wp\/v2\/product\/26152"}],"collection":[{"href":"https:\/\/marneantic.com\/index.php\/wp-json\/wp\/v2\/product"}],"about":[{"href":"https:\/\/marneantic.com\/index.php\/wp-json\/wp\/v2\/types\/product"}],"replies":[{"embeddable":true,"href":"https:\/\/marneantic.com\/index.php\/wp-json\/wp\/v2\/comments?post=26152"}],"wp:featuredmedia":[{"embeddable":true,"href":"https:\/\/marneantic.com\/index.php\/wp-json\/wp\/v2\/media\/26153"}],"wp:attachment":[{"href":"https:\/\/marneantic.com\/index.php\/wp-json\/wp\/v2\/media?parent=26152"}],"wp:term":[{"taxonomy":"product_cat","embeddable":true,"href":"https:\/\/marneantic.com\/index.php\/wp-json\/wp\/v2\/product_cat?post=26152"},{"taxonomy":"product_tag","embeddable":true,"href":"https:\/\/marneantic.com\/index.php\/wp-json\/wp\/v2\/product_tag?post=26152"}],"curies":[{"name":"wp","href":"https:\/\/api.w.org\/{rel}","templated":true}]}}