{"id":26219,"date":"2025-05-21T14:38:04","date_gmt":"2025-05-21T13:38:04","guid":{"rendered":"https:\/\/marneantic.com\/?post_type=product&#038;p=26219"},"modified":"2025-05-21T14:50:34","modified_gmt":"2025-05-21T13:50:34","slug":"portieux-paire-de-bougeoirs-anciens","status":"publish","type":"product","link":"https:\/\/marneantic.com\/index.php\/produit\/portieux-paire-de-bougeoirs-anciens\/","title":{"rendered":"PORTIEUX paire de bougeoirs anciens"},"content":{"rendered":"","protected":false},"excerpt":{"rendered":"<p>PORTIEUX paire de bougeoirs anciens en verre moul\u00e9, en tr\u00e8s bon \u00e9tat, pr\u00e9sences de micros \u00e9grenures sur les rebords des pieds, hauteur:23cm, cot\u00e9s 11x11cm<\/p>\n","protected":false},"featured_media":26220,"comment_status":"closed","ping_status":"closed","template":"","meta":{"_et_pb_use_builder":"","_et_pb_old_content":"","_et_gb_content_width":""},"product_cat":[8],"product_tag":[],"_links":{"self":[{"href":"https:\/\/marneantic.com\/index.php\/wp-json\/wp\/v2\/product\/26219"}],"collection":[{"href":"https:\/\/marneantic.com\/index.php\/wp-json\/wp\/v2\/product"}],"about":[{"href":"https:\/\/marneantic.com\/index.php\/wp-json\/wp\/v2\/types\/product"}],"replies":[{"embeddable":true,"href":"https:\/\/marneantic.com\/index.php\/wp-json\/wp\/v2\/comments?post=26219"}],"wp:featuredmedia":[{"embeddable":true,"href":"https:\/\/marneantic.com\/index.php\/wp-json\/wp\/v2\/media\/26220"}],"wp:attachment":[{"href":"https:\/\/marneantic.com\/index.php\/wp-json\/wp\/v2\/media?parent=26219"}],"wp:term":[{"taxonomy":"product_cat","embeddable":true,"href":"https:\/\/marneantic.com\/index.php\/wp-json\/wp\/v2\/product_cat?post=26219"},{"taxonomy":"product_tag","embeddable":true,"href":"https:\/\/marneantic.com\/index.php\/wp-json\/wp\/v2\/product_tag?post=26219"}],"curies":[{"name":"wp","href":"https:\/\/api.w.org\/{rel}","templated":true}]}}