{"id":26240,"date":"2025-05-23T13:22:35","date_gmt":"2025-05-23T12:22:35","guid":{"rendered":"https:\/\/marneantic.com\/?post_type=product&#038;p=26240"},"modified":"2025-05-23T13:29:38","modified_gmt":"2025-05-23T12:29:38","slug":"taie-doreiller-ancienne-brodee-80x70cm","status":"publish","type":"product","link":"https:\/\/marneantic.com\/index.php\/produit\/taie-doreiller-ancienne-brodee-80x70cm\/","title":{"rendered":"Taie d&rsquo;oreiller ancienne brod\u00e9e: 80x70cm"},"content":{"rendered":"","protected":false},"excerpt":{"rendered":"<p>Taie d&rsquo;oreiller ancienne brod\u00e9e: 80x70cm, en tr\u00e8s bon \u00e9tat<br \/>\nlinge sorti d&rsquo;armoire ancienne a relav\u00e9<\/p>\n","protected":false},"featured_media":26241,"comment_status":"open","ping_status":"closed","template":"","meta":{"_et_pb_use_builder":"","_et_pb_old_content":"","_et_gb_content_width":""},"product_cat":[33],"product_tag":[],"_links":{"self":[{"href":"https:\/\/marneantic.com\/index.php\/wp-json\/wp\/v2\/product\/26240"}],"collection":[{"href":"https:\/\/marneantic.com\/index.php\/wp-json\/wp\/v2\/product"}],"about":[{"href":"https:\/\/marneantic.com\/index.php\/wp-json\/wp\/v2\/types\/product"}],"replies":[{"embeddable":true,"href":"https:\/\/marneantic.com\/index.php\/wp-json\/wp\/v2\/comments?post=26240"}],"wp:featuredmedia":[{"embeddable":true,"href":"https:\/\/marneantic.com\/index.php\/wp-json\/wp\/v2\/media\/26241"}],"wp:attachment":[{"href":"https:\/\/marneantic.com\/index.php\/wp-json\/wp\/v2\/media?parent=26240"}],"wp:term":[{"taxonomy":"product_cat","embeddable":true,"href":"https:\/\/marneantic.com\/index.php\/wp-json\/wp\/v2\/product_cat?post=26240"},{"taxonomy":"product_tag","embeddable":true,"href":"https:\/\/marneantic.com\/index.php\/wp-json\/wp\/v2\/product_tag?post=26240"}],"curies":[{"name":"wp","href":"https:\/\/api.w.org\/{rel}","templated":true}]}}