{"id":26255,"date":"2025-05-23T14:51:02","date_gmt":"2025-05-23T13:51:02","guid":{"rendered":"https:\/\/marneantic.com\/?post_type=product&#038;p=26255"},"modified":"2025-05-23T14:51:02","modified_gmt":"2025-05-23T13:51:02","slug":"boite-a-timbre-ancienne-papier-mache-laquee-decor-japonisant","status":"publish","type":"product","link":"https:\/\/marneantic.com\/index.php\/produit\/boite-a-timbre-ancienne-papier-mache-laquee-decor-japonisant\/","title":{"rendered":"Boite a timbre ancienne papier mach\u00e9, laqu\u00e9e d\u00e9cor japonisant"},"content":{"rendered":"","protected":false},"excerpt":{"rendered":"<p><strong>Boite a timbre ancienne en papier mach\u00e9, laqu\u00e9e d\u00e9cor japonisant<\/strong><\/p>\n<div><strong>tr\u00e8s bon \u00e9tat<\/strong><\/div>\n<div><strong>dimensions: 8.7&#215;6.4cm<\/strong><\/div>\n<div><strong>hauteur: 2.4cm<\/strong><\/div>\n","protected":false},"featured_media":26256,"comment_status":"open","ping_status":"closed","template":"","meta":{"_et_pb_use_builder":"","_et_pb_old_content":"","_et_gb_content_width":""},"product_cat":[14],"product_tag":[],"_links":{"self":[{"href":"https:\/\/marneantic.com\/index.php\/wp-json\/wp\/v2\/product\/26255"}],"collection":[{"href":"https:\/\/marneantic.com\/index.php\/wp-json\/wp\/v2\/product"}],"about":[{"href":"https:\/\/marneantic.com\/index.php\/wp-json\/wp\/v2\/types\/product"}],"replies":[{"embeddable":true,"href":"https:\/\/marneantic.com\/index.php\/wp-json\/wp\/v2\/comments?post=26255"}],"wp:featuredmedia":[{"embeddable":true,"href":"https:\/\/marneantic.com\/index.php\/wp-json\/wp\/v2\/media\/26256"}],"wp:attachment":[{"href":"https:\/\/marneantic.com\/index.php\/wp-json\/wp\/v2\/media?parent=26255"}],"wp:term":[{"taxonomy":"product_cat","embeddable":true,"href":"https:\/\/marneantic.com\/index.php\/wp-json\/wp\/v2\/product_cat?post=26255"},{"taxonomy":"product_tag","embeddable":true,"href":"https:\/\/marneantic.com\/index.php\/wp-json\/wp\/v2\/product_tag?post=26255"}],"curies":[{"name":"wp","href":"https:\/\/api.w.org\/{rel}","templated":true}]}}