{"id":26390,"date":"2025-06-05T13:59:02","date_gmt":"2025-06-05T12:59:02","guid":{"rendered":"https:\/\/marneantic.com\/?post_type=product&#038;p=26390"},"modified":"2025-06-05T14:01:03","modified_gmt":"2025-06-05T13:01:03","slug":"reveil-electrique-krups-comfortime-3-vintage-rouge-orange","status":"publish","type":"product","link":"https:\/\/marneantic.com\/index.php\/produit\/reveil-electrique-krups-comfortime-3-vintage-rouge-orange\/","title":{"rendered":"R\u00e9veil \u00e9lectrique KRUPS COMFORTIME 3 vintage rouge orang\u00e9"},"content":{"rendered":"","protected":false},"excerpt":{"rendered":"<p><strong>R\u00e9veil \u00e9lectrique KRUPS COMFORTIME 3 vintage couleur rouge orang\u00e9<\/strong><\/p>\n<div><b>tr\u00e8s bon \u00e9tat, fonctionne parfaitement<\/b><\/div>\n<div><b>largeur: 11.5cm<\/b><\/div>\n<div><b>profondeur: 7.5cm<\/b><\/div>\n<div><b>hauteur: 8.5cm<\/b><\/div>\n","protected":false},"featured_media":26391,"comment_status":"closed","ping_status":"closed","template":"","meta":{"_et_pb_use_builder":"","_et_pb_old_content":"","_et_gb_content_width":""},"product_cat":[18,16],"product_tag":[],"_links":{"self":[{"href":"https:\/\/marneantic.com\/index.php\/wp-json\/wp\/v2\/product\/26390"}],"collection":[{"href":"https:\/\/marneantic.com\/index.php\/wp-json\/wp\/v2\/product"}],"about":[{"href":"https:\/\/marneantic.com\/index.php\/wp-json\/wp\/v2\/types\/product"}],"replies":[{"embeddable":true,"href":"https:\/\/marneantic.com\/index.php\/wp-json\/wp\/v2\/comments?post=26390"}],"wp:featuredmedia":[{"embeddable":true,"href":"https:\/\/marneantic.com\/index.php\/wp-json\/wp\/v2\/media\/26391"}],"wp:attachment":[{"href":"https:\/\/marneantic.com\/index.php\/wp-json\/wp\/v2\/media?parent=26390"}],"wp:term":[{"taxonomy":"product_cat","embeddable":true,"href":"https:\/\/marneantic.com\/index.php\/wp-json\/wp\/v2\/product_cat?post=26390"},{"taxonomy":"product_tag","embeddable":true,"href":"https:\/\/marneantic.com\/index.php\/wp-json\/wp\/v2\/product_tag?post=26390"}],"curies":[{"name":"wp","href":"https:\/\/api.w.org\/{rel}","templated":true}]}}