{"id":26435,"date":"2025-06-12T10:08:01","date_gmt":"2025-06-12T09:08:01","guid":{"rendered":"https:\/\/marneantic.com\/?post_type=product&#038;p=26435"},"modified":"2025-06-12T10:17:52","modified_gmt":"2025-06-12T09:17:52","slug":"14-serviettes-a-a-the-anciennes-brodees-monogrammees-32x32cm","status":"publish","type":"product","link":"https:\/\/marneantic.com\/index.php\/produit\/14-serviettes-a-a-the-anciennes-brodees-monogrammees-32x32cm\/","title":{"rendered":"14 serviettes a a th\u00e9 anciennes brod\u00e9es, monogramm\u00e9es 32x32cm"},"content":{"rendered":"","protected":false},"excerpt":{"rendered":"<p><span style=\"font-family: Arial;\">14 serviettes a a th\u00e9 anciennes brod\u00e9es et monogramm\u00e9es LD, en tr\u00e8s bon \u00e9tat, linge lav\u00e9 et repass\u00e9, il peut n\u00e9anmoins subsister des petites taches qui auraient \u00e9chapp\u00e9es a notre lavage., dimensions:32 x32cm<\/span><\/p>\n<div><\/div>\n","protected":false},"featured_media":26436,"comment_status":"open","ping_status":"closed","template":"","meta":{"_et_pb_use_builder":"","_et_pb_old_content":"","_et_gb_content_width":""},"product_cat":[33],"product_tag":[],"_links":{"self":[{"href":"https:\/\/marneantic.com\/index.php\/wp-json\/wp\/v2\/product\/26435"}],"collection":[{"href":"https:\/\/marneantic.com\/index.php\/wp-json\/wp\/v2\/product"}],"about":[{"href":"https:\/\/marneantic.com\/index.php\/wp-json\/wp\/v2\/types\/product"}],"replies":[{"embeddable":true,"href":"https:\/\/marneantic.com\/index.php\/wp-json\/wp\/v2\/comments?post=26435"}],"wp:featuredmedia":[{"embeddable":true,"href":"https:\/\/marneantic.com\/index.php\/wp-json\/wp\/v2\/media\/26436"}],"wp:attachment":[{"href":"https:\/\/marneantic.com\/index.php\/wp-json\/wp\/v2\/media?parent=26435"}],"wp:term":[{"taxonomy":"product_cat","embeddable":true,"href":"https:\/\/marneantic.com\/index.php\/wp-json\/wp\/v2\/product_cat?post=26435"},{"taxonomy":"product_tag","embeddable":true,"href":"https:\/\/marneantic.com\/index.php\/wp-json\/wp\/v2\/product_tag?post=26435"}],"curies":[{"name":"wp","href":"https:\/\/api.w.org\/{rel}","templated":true}]}}