{"id":26458,"date":"2025-06-13T14:41:13","date_gmt":"2025-06-13T13:41:13","guid":{"rendered":"https:\/\/marneantic.com\/?post_type=product&#038;p=26458"},"modified":"2025-09-13T08:12:39","modified_gmt":"2025-09-13T07:12:39","slug":"pichet-a-lait-dhotel-ancien-en-metal-argente-stuttgarier-haupfbahnof-stuttgart","status":"publish","type":"product","link":"https:\/\/marneantic.com\/index.php\/produit\/pichet-a-lait-dhotel-ancien-en-metal-argente-stuttgarier-haupfbahnof-stuttgart\/","title":{"rendered":"Pichet a lait d&rsquo;h\u00f4tel ancien en m\u00e9tal argent\u00e9 \u00ab\u00a0Stuttgarier Haupfbahnof \u00a0\u00bb Stuttgart"},"content":{"rendered":"","protected":false},"excerpt":{"rendered":"<div><b style=\"font-size: 0.9rem;\">petit pichet a lait d&rsquo;h\u00f4tel ancien en m\u00e9tal argent\u00e9 \u00ab\u00a0Stuttgarier Haupfbahnof \u00a0\u00bb Stuttgart, en bon \u00e9tat, traces d&rsquo;usage et usure<\/b><\/div>\n<div>\n<div><b>hauteur:4.5cm, longueur: 8cm avec poign\u00e9e et bec, largeur: 4cm<\/b><\/div>\n<div><\/div>\n<\/div>\n","protected":false},"featured_media":26459,"comment_status":"closed","ping_status":"closed","template":"","meta":{"_et_pb_use_builder":"","_et_pb_old_content":"","_et_gb_content_width":""},"product_cat":[12,26,7,30],"product_tag":[],"_links":{"self":[{"href":"https:\/\/marneantic.com\/index.php\/wp-json\/wp\/v2\/product\/26458"}],"collection":[{"href":"https:\/\/marneantic.com\/index.php\/wp-json\/wp\/v2\/product"}],"about":[{"href":"https:\/\/marneantic.com\/index.php\/wp-json\/wp\/v2\/types\/product"}],"replies":[{"embeddable":true,"href":"https:\/\/marneantic.com\/index.php\/wp-json\/wp\/v2\/comments?post=26458"}],"wp:featuredmedia":[{"embeddable":true,"href":"https:\/\/marneantic.com\/index.php\/wp-json\/wp\/v2\/media\/26459"}],"wp:attachment":[{"href":"https:\/\/marneantic.com\/index.php\/wp-json\/wp\/v2\/media?parent=26458"}],"wp:term":[{"taxonomy":"product_cat","embeddable":true,"href":"https:\/\/marneantic.com\/index.php\/wp-json\/wp\/v2\/product_cat?post=26458"},{"taxonomy":"product_tag","embeddable":true,"href":"https:\/\/marneantic.com\/index.php\/wp-json\/wp\/v2\/product_tag?post=26458"}],"curies":[{"name":"wp","href":"https:\/\/api.w.org\/{rel}","templated":true}]}}