{"id":26469,"date":"2025-06-13T15:25:03","date_gmt":"2025-06-13T14:25:03","guid":{"rendered":"https:\/\/marneantic.com\/?post_type=product&#038;p=26469"},"modified":"2025-06-13T15:27:24","modified_gmt":"2025-06-13T14:27:24","slug":"plateau-ancien-en-bois-incruste-de-nacre","status":"publish","type":"product","link":"https:\/\/marneantic.com\/index.php\/produit\/plateau-ancien-en-bois-incruste-de-nacre\/","title":{"rendered":"Plateau ancien en bois incrust\u00e9 de nacre"},"content":{"rendered":"","protected":false},"excerpt":{"rendered":"<p><strong><span style=\"font-family: Arial; font-size: large;\">Plateau ancien en bois incrust\u00e9 de nacre, d\u00e9cor v\u00e9g\u00e9tal, oiseau, papillons et insectes, le rebord a \u00e9t\u00e9 travaill\u00e9 fa\u00e7on bambou<\/span><\/strong><\/p>\n<div><strong><span style=\"font-family: Arial; font-size: large;\">en tr\u00e8s bon \u00e9tat (infimes manque de nacre a 3 endroits)<\/span><\/strong><\/div>\n<div><strong><span style=\"font-family: Arial; font-size: large;\">longueur: 44cm<\/span><\/strong><\/div>\n<div><strong><span style=\"font-family: Arial; font-size: large;\">largeur: 28cm<\/span><\/strong><\/div>\n<div><strong><span style=\"font-family: Arial; font-size: large;\">hauteur: 2.2cm<\/span><\/strong><\/div>\n<p>&nbsp;<\/p>\n<p>&nbsp;<\/p>\n","protected":false},"featured_media":26473,"comment_status":"closed","ping_status":"closed","template":"","meta":{"_et_pb_use_builder":"","_et_pb_old_content":"","_et_gb_content_width":""},"product_cat":[13,10],"product_tag":[],"_links":{"self":[{"href":"https:\/\/marneantic.com\/index.php\/wp-json\/wp\/v2\/product\/26469"}],"collection":[{"href":"https:\/\/marneantic.com\/index.php\/wp-json\/wp\/v2\/product"}],"about":[{"href":"https:\/\/marneantic.com\/index.php\/wp-json\/wp\/v2\/types\/product"}],"replies":[{"embeddable":true,"href":"https:\/\/marneantic.com\/index.php\/wp-json\/wp\/v2\/comments?post=26469"}],"wp:featuredmedia":[{"embeddable":true,"href":"https:\/\/marneantic.com\/index.php\/wp-json\/wp\/v2\/media\/26473"}],"wp:attachment":[{"href":"https:\/\/marneantic.com\/index.php\/wp-json\/wp\/v2\/media?parent=26469"}],"wp:term":[{"taxonomy":"product_cat","embeddable":true,"href":"https:\/\/marneantic.com\/index.php\/wp-json\/wp\/v2\/product_cat?post=26469"},{"taxonomy":"product_tag","embeddable":true,"href":"https:\/\/marneantic.com\/index.php\/wp-json\/wp\/v2\/product_tag?post=26469"}],"curies":[{"name":"wp","href":"https:\/\/api.w.org\/{rel}","templated":true}]}}