{"id":26618,"date":"2025-07-22T14:12:09","date_gmt":"2025-07-22T13:12:09","guid":{"rendered":"https:\/\/marneantic.com\/?post_type=product&#038;p=26618"},"modified":"2025-07-22T14:19:04","modified_gmt":"2025-07-22T13:19:04","slug":"ancien-grand-centre-de-table-brode-150cm-x-38cm","status":"publish","type":"product","link":"https:\/\/marneantic.com\/index.php\/produit\/ancien-grand-centre-de-table-brode-150cm-x-38cm\/","title":{"rendered":"Ancien grand centre de table brod\u00e9 150cm x 38cm"},"content":{"rendered":"","protected":false},"excerpt":{"rendered":"<p>Ancien grand centre de table brod\u00e9 150cm x 38cm, v\u00e9rifi\u00e9, lav\u00e9 et repass\u00e9, il peut n\u00e9anmoins subsist\u00e9 de petites taches qui auraient \u00e9chapp\u00e9es a notre lavage<\/p>\n<div><\/div>\n<div><\/div>\n","protected":false},"featured_media":26619,"comment_status":"open","ping_status":"closed","template":"","meta":{"_et_pb_use_builder":"","_et_pb_old_content":"","_et_gb_content_width":""},"product_cat":[33],"product_tag":[],"_links":{"self":[{"href":"https:\/\/marneantic.com\/index.php\/wp-json\/wp\/v2\/product\/26618"}],"collection":[{"href":"https:\/\/marneantic.com\/index.php\/wp-json\/wp\/v2\/product"}],"about":[{"href":"https:\/\/marneantic.com\/index.php\/wp-json\/wp\/v2\/types\/product"}],"replies":[{"embeddable":true,"href":"https:\/\/marneantic.com\/index.php\/wp-json\/wp\/v2\/comments?post=26618"}],"wp:featuredmedia":[{"embeddable":true,"href":"https:\/\/marneantic.com\/index.php\/wp-json\/wp\/v2\/media\/26619"}],"wp:attachment":[{"href":"https:\/\/marneantic.com\/index.php\/wp-json\/wp\/v2\/media?parent=26618"}],"wp:term":[{"taxonomy":"product_cat","embeddable":true,"href":"https:\/\/marneantic.com\/index.php\/wp-json\/wp\/v2\/product_cat?post=26618"},{"taxonomy":"product_tag","embeddable":true,"href":"https:\/\/marneantic.com\/index.php\/wp-json\/wp\/v2\/product_tag?post=26618"}],"curies":[{"name":"wp","href":"https:\/\/api.w.org\/{rel}","templated":true}]}}