{"id":26854,"date":"2025-08-20T15:52:43","date_gmt":"2025-08-20T14:52:43","guid":{"rendered":"https:\/\/marneantic.com\/?post_type=product&#038;p=26854"},"modified":"2025-08-20T15:55:23","modified_gmt":"2025-08-20T14:55:23","slug":"coffret-parfum-ancien-floreine-mandragore-n1","status":"publish","type":"product","link":"https:\/\/marneantic.com\/index.php\/produit\/coffret-parfum-ancien-floreine-mandragore-n1\/","title":{"rendered":"Coffret parfum ancien &#8211; FLOREINE MANDRAGORE n\u00b01"},"content":{"rendered":"","protected":false},"excerpt":{"rendered":"<p><strong>Coffret parfum ancien &#8211; FLOREINE MANDRAGORE n\u00b01<\/strong><\/p>\n<div><strong>contenant un flacon lotion vide, hauteur:14cm et un flacon parfum vide, hauteur:10.7cm, le savon est manquant<\/strong><\/div>\n<div><strong>boite en bon \u00e9tat g\u00e9n\u00e9rale avec pr\u00e9sence de taches et traces brunes dues au temps<\/strong><\/div>\n<div><strong>dimensions du coffret: 21x21cm<\/strong><\/div>\n","protected":false},"featured_media":26856,"comment_status":"closed","ping_status":"closed","template":"","meta":{"_et_pb_use_builder":"","_et_pb_old_content":"","_et_gb_content_width":""},"product_cat":[14],"product_tag":[],"_links":{"self":[{"href":"https:\/\/marneantic.com\/index.php\/wp-json\/wp\/v2\/product\/26854"}],"collection":[{"href":"https:\/\/marneantic.com\/index.php\/wp-json\/wp\/v2\/product"}],"about":[{"href":"https:\/\/marneantic.com\/index.php\/wp-json\/wp\/v2\/types\/product"}],"replies":[{"embeddable":true,"href":"https:\/\/marneantic.com\/index.php\/wp-json\/wp\/v2\/comments?post=26854"}],"wp:featuredmedia":[{"embeddable":true,"href":"https:\/\/marneantic.com\/index.php\/wp-json\/wp\/v2\/media\/26856"}],"wp:attachment":[{"href":"https:\/\/marneantic.com\/index.php\/wp-json\/wp\/v2\/media?parent=26854"}],"wp:term":[{"taxonomy":"product_cat","embeddable":true,"href":"https:\/\/marneantic.com\/index.php\/wp-json\/wp\/v2\/product_cat?post=26854"},{"taxonomy":"product_tag","embeddable":true,"href":"https:\/\/marneantic.com\/index.php\/wp-json\/wp\/v2\/product_tag?post=26854"}],"curies":[{"name":"wp","href":"https:\/\/api.w.org\/{rel}","templated":true}]}}