{"id":26908,"date":"2025-09-16T10:07:26","date_gmt":"2025-09-16T09:07:26","guid":{"rendered":"https:\/\/marneantic.com\/?post_type=product&#038;p=26908"},"modified":"2025-09-16T10:09:16","modified_gmt":"2025-09-16T09:09:16","slug":"napperon-ancien-brode-67x32cm","status":"publish","type":"product","link":"https:\/\/marneantic.com\/index.php\/produit\/napperon-ancien-brode-67x32cm\/","title":{"rendered":"Napperon ancien brod\u00e9 67x32cm"},"content":{"rendered":"","protected":false},"excerpt":{"rendered":"<div><strong>Napperon ancien brod\u00e9 67x32cm, en bon \u00e9tat<\/strong><\/div>\n<div><\/div>\n<div><\/div>\n","protected":false},"featured_media":26909,"comment_status":"open","ping_status":"closed","template":"","meta":{"_et_pb_use_builder":"","_et_pb_old_content":"","_et_gb_content_width":""},"product_cat":[33],"product_tag":[],"_links":{"self":[{"href":"https:\/\/marneantic.com\/index.php\/wp-json\/wp\/v2\/product\/26908"}],"collection":[{"href":"https:\/\/marneantic.com\/index.php\/wp-json\/wp\/v2\/product"}],"about":[{"href":"https:\/\/marneantic.com\/index.php\/wp-json\/wp\/v2\/types\/product"}],"replies":[{"embeddable":true,"href":"https:\/\/marneantic.com\/index.php\/wp-json\/wp\/v2\/comments?post=26908"}],"wp:featuredmedia":[{"embeddable":true,"href":"https:\/\/marneantic.com\/index.php\/wp-json\/wp\/v2\/media\/26909"}],"wp:attachment":[{"href":"https:\/\/marneantic.com\/index.php\/wp-json\/wp\/v2\/media?parent=26908"}],"wp:term":[{"taxonomy":"product_cat","embeddable":true,"href":"https:\/\/marneantic.com\/index.php\/wp-json\/wp\/v2\/product_cat?post=26908"},{"taxonomy":"product_tag","embeddable":true,"href":"https:\/\/marneantic.com\/index.php\/wp-json\/wp\/v2\/product_tag?post=26908"}],"curies":[{"name":"wp","href":"https:\/\/api.w.org\/{rel}","templated":true}]}}