{"id":26924,"date":"2025-09-18T14:54:07","date_gmt":"2025-09-18T13:54:07","guid":{"rendered":"https:\/\/marneantic.com\/?post_type=product&#038;p=26924"},"modified":"2025-09-18T15:15:40","modified_gmt":"2025-09-18T14:15:40","slug":"porte-pics-art-deco-metal-chrome","status":"publish","type":"product","link":"https:\/\/marneantic.com\/index.php\/produit\/porte-pics-art-deco-metal-chrome\/","title":{"rendered":"Porte-pics art d\u00e9co &#8211; m\u00e9tal chrom\u00e9"},"content":{"rendered":"","protected":false},"excerpt":{"rendered":"<p><span style=\"font-family: Arial;\">Porte pics art d\u00e9co en m\u00e9tal chrom\u00e9 a d\u00e9cor d&rsquo;oiseaux, complet avec 12 pics, en tr\u00e8s bon \u00e9tat, longueur : 11cm,largeur: 4cm,hauteur: 8.3cm<\/span><\/p>\n<div><\/div>\n","protected":false},"featured_media":26925,"comment_status":"closed","ping_status":"closed","template":"","meta":{"_et_pb_use_builder":"","_et_pb_old_content":"","_et_gb_content_width":""},"product_cat":[13,10,44,16],"product_tag":[],"_links":{"self":[{"href":"https:\/\/marneantic.com\/index.php\/wp-json\/wp\/v2\/product\/26924"}],"collection":[{"href":"https:\/\/marneantic.com\/index.php\/wp-json\/wp\/v2\/product"}],"about":[{"href":"https:\/\/marneantic.com\/index.php\/wp-json\/wp\/v2\/types\/product"}],"replies":[{"embeddable":true,"href":"https:\/\/marneantic.com\/index.php\/wp-json\/wp\/v2\/comments?post=26924"}],"wp:featuredmedia":[{"embeddable":true,"href":"https:\/\/marneantic.com\/index.php\/wp-json\/wp\/v2\/media\/26925"}],"wp:attachment":[{"href":"https:\/\/marneantic.com\/index.php\/wp-json\/wp\/v2\/media?parent=26924"}],"wp:term":[{"taxonomy":"product_cat","embeddable":true,"href":"https:\/\/marneantic.com\/index.php\/wp-json\/wp\/v2\/product_cat?post=26924"},{"taxonomy":"product_tag","embeddable":true,"href":"https:\/\/marneantic.com\/index.php\/wp-json\/wp\/v2\/product_tag?post=26924"}],"curies":[{"name":"wp","href":"https:\/\/api.w.org\/{rel}","templated":true}]}}