{"id":26928,"date":"2025-09-18T15:17:19","date_gmt":"2025-09-18T14:17:19","guid":{"rendered":"https:\/\/marneantic.com\/?post_type=product&#038;p=26928"},"modified":"2025-09-21T10:32:37","modified_gmt":"2025-09-21T09:32:37","slug":"rond-de-serviette-ancien-en-metal-argente-prenom-jacques","status":"publish","type":"product","link":"https:\/\/marneantic.com\/index.php\/produit\/rond-de-serviette-ancien-en-metal-argente-prenom-jacques\/","title":{"rendered":"Rond de serviette ancien en m\u00e9tal argent\u00e9 &#8211; pr\u00e9nom Jacques"},"content":{"rendered":"","protected":false},"excerpt":{"rendered":"<p>Rond de serviette ancien en m\u00e9tal argent\u00e9 &#8211; pr\u00e9nom Jacques, en bon \u00e9tat, diametre:4.9cm, hauteur:2.7cm<\/p>\n","protected":false},"featured_media":26929,"comment_status":"closed","ping_status":"closed","template":"","meta":{"_et_pb_use_builder":"","_et_pb_old_content":"","_et_gb_content_width":""},"product_cat":[13,12,10,30],"product_tag":[],"_links":{"self":[{"href":"https:\/\/marneantic.com\/index.php\/wp-json\/wp\/v2\/product\/26928"}],"collection":[{"href":"https:\/\/marneantic.com\/index.php\/wp-json\/wp\/v2\/product"}],"about":[{"href":"https:\/\/marneantic.com\/index.php\/wp-json\/wp\/v2\/types\/product"}],"replies":[{"embeddable":true,"href":"https:\/\/marneantic.com\/index.php\/wp-json\/wp\/v2\/comments?post=26928"}],"wp:featuredmedia":[{"embeddable":true,"href":"https:\/\/marneantic.com\/index.php\/wp-json\/wp\/v2\/media\/26929"}],"wp:attachment":[{"href":"https:\/\/marneantic.com\/index.php\/wp-json\/wp\/v2\/media?parent=26928"}],"wp:term":[{"taxonomy":"product_cat","embeddable":true,"href":"https:\/\/marneantic.com\/index.php\/wp-json\/wp\/v2\/product_cat?post=26928"},{"taxonomy":"product_tag","embeddable":true,"href":"https:\/\/marneantic.com\/index.php\/wp-json\/wp\/v2\/product_tag?post=26928"}],"curies":[{"name":"wp","href":"https:\/\/api.w.org\/{rel}","templated":true}]}}