{"id":26931,"date":"2025-09-18T15:25:34","date_gmt":"2025-09-18T14:25:34","guid":{"rendered":"https:\/\/marneantic.com\/?post_type=product&#038;p=26931"},"modified":"2025-12-10T13:25:31","modified_gmt":"2025-12-10T12:25:31","slug":"rond-de-serviette-ancien-en-metal-argente-decor-de-lutins","status":"publish","type":"product","link":"https:\/\/marneantic.com\/index.php\/produit\/rond-de-serviette-ancien-en-metal-argente-decor-de-lutins\/","title":{"rendered":"Rond de serviette ancien en m\u00e9tal argent\u00e9 &#8211; d\u00e9cor de lutins"},"content":{"rendered":"","protected":false},"excerpt":{"rendered":"<p><strong><b>Rond de serviette ancien en m\u00e9tal argent\u00e9 &#8211; d\u00e9cor de lutins, en bon \u00e9tat<\/b><\/strong><\/p>\n<div><strong>diametre:4.7cm<\/strong><\/div>\n<div><strong>hauteur:2.7cm<\/strong><\/div>\n","protected":false},"featured_media":26932,"comment_status":"closed","ping_status":"closed","template":"","meta":{"_et_pb_use_builder":"","_et_pb_old_content":"","_et_gb_content_width":""},"product_cat":[13,12,10,30],"product_tag":[],"_links":{"self":[{"href":"https:\/\/marneantic.com\/index.php\/wp-json\/wp\/v2\/product\/26931"}],"collection":[{"href":"https:\/\/marneantic.com\/index.php\/wp-json\/wp\/v2\/product"}],"about":[{"href":"https:\/\/marneantic.com\/index.php\/wp-json\/wp\/v2\/types\/product"}],"replies":[{"embeddable":true,"href":"https:\/\/marneantic.com\/index.php\/wp-json\/wp\/v2\/comments?post=26931"}],"wp:featuredmedia":[{"embeddable":true,"href":"https:\/\/marneantic.com\/index.php\/wp-json\/wp\/v2\/media\/26932"}],"wp:attachment":[{"href":"https:\/\/marneantic.com\/index.php\/wp-json\/wp\/v2\/media?parent=26931"}],"wp:term":[{"taxonomy":"product_cat","embeddable":true,"href":"https:\/\/marneantic.com\/index.php\/wp-json\/wp\/v2\/product_cat?post=26931"},{"taxonomy":"product_tag","embeddable":true,"href":"https:\/\/marneantic.com\/index.php\/wp-json\/wp\/v2\/product_tag?post=26931"}],"curies":[{"name":"wp","href":"https:\/\/api.w.org\/{rel}","templated":true}]}}