{"id":26965,"date":"2025-09-23T13:45:49","date_gmt":"2025-09-23T12:45:49","guid":{"rendered":"https:\/\/marneantic.com\/?post_type=product&#038;p=26965"},"modified":"2025-09-23T13:54:17","modified_gmt":"2025-09-23T12:54:17","slug":"necessaire-de-table-vintage-annees-60-souvenir-beatenberg","status":"publish","type":"product","link":"https:\/\/marneantic.com\/index.php\/produit\/necessaire-de-table-vintage-annees-60-souvenir-beatenberg\/","title":{"rendered":"N\u00e9cessaire de table vintage &#8211; ann\u00e9es 60&prime; &#8211; souvenir Beatenberg"},"content":{"rendered":"","protected":false},"excerpt":{"rendered":"<p>N\u00e9cessaire de table pour vin et bouteille a capsule vintage, manches en corne &#8211; ann\u00e9es 60&prime; &#8211; souvenir de Beatenberg (Suisse) en bon \u00e9tat, dimensions: 10&#215;9.5cm, hauteur: 20cm<\/p>\n","protected":false},"featured_media":26966,"comment_status":"closed","ping_status":"closed","template":"","meta":{"_et_pb_use_builder":"","_et_pb_old_content":"","_et_gb_content_width":""},"product_cat":[13,10],"product_tag":[],"_links":{"self":[{"href":"https:\/\/marneantic.com\/index.php\/wp-json\/wp\/v2\/product\/26965"}],"collection":[{"href":"https:\/\/marneantic.com\/index.php\/wp-json\/wp\/v2\/product"}],"about":[{"href":"https:\/\/marneantic.com\/index.php\/wp-json\/wp\/v2\/types\/product"}],"replies":[{"embeddable":true,"href":"https:\/\/marneantic.com\/index.php\/wp-json\/wp\/v2\/comments?post=26965"}],"wp:featuredmedia":[{"embeddable":true,"href":"https:\/\/marneantic.com\/index.php\/wp-json\/wp\/v2\/media\/26966"}],"wp:attachment":[{"href":"https:\/\/marneantic.com\/index.php\/wp-json\/wp\/v2\/media?parent=26965"}],"wp:term":[{"taxonomy":"product_cat","embeddable":true,"href":"https:\/\/marneantic.com\/index.php\/wp-json\/wp\/v2\/product_cat?post=26965"},{"taxonomy":"product_tag","embeddable":true,"href":"https:\/\/marneantic.com\/index.php\/wp-json\/wp\/v2\/product_tag?post=26965"}],"curies":[{"name":"wp","href":"https:\/\/api.w.org\/{rel}","templated":true}]}}