{"id":27058,"date":"2025-10-07T15:16:38","date_gmt":"2025-10-07T14:16:38","guid":{"rendered":"https:\/\/marneantic.com\/?post_type=product&#038;p=27058"},"modified":"2026-01-06T10:03:38","modified_gmt":"2026-01-06T09:03:38","slug":"porte-manteau-vintage-en-metal","status":"publish","type":"product","link":"https:\/\/marneantic.com\/index.php\/produit\/porte-manteau-vintage-en-metal\/","title":{"rendered":"Porte-manteau vintage en m\u00e9tal"},"content":{"rendered":"","protected":false},"excerpt":{"rendered":"<p>Porte-manteau vintage en m\u00e9tal et boules chrom\u00e9es, en bon \u00e9tat, traces d&rsquo;usage et trace de peinture sur les rebords<br \/>\nlongueur:58cm<br \/>\nhauteur:21cm, profondeur au mur:12.5cm<\/p>\n<p>Les produits propos\u00e9s dans notre boutique sont anciens, ils peuvent pr\u00e9sent\u00e9s des traces d\u2019usure, d&rsquo;usage ou rayures qui donnent au produit son caract\u00e8re et son authenticit\u00e9, ils sont pr\u00e9sent\u00e9s au mieux dans la description, \u00e0 travers photos et textes, merci de bien les regarder.<\/p>\n<p>&nbsp;<\/p>\n<p>&nbsp;<\/p>\n","protected":false},"featured_media":27062,"comment_status":"open","ping_status":"closed","template":"","meta":{"_et_pb_use_builder":"","_et_pb_old_content":"","_et_gb_content_width":""},"product_cat":[31,16,30],"product_tag":[],"_links":{"self":[{"href":"https:\/\/marneantic.com\/index.php\/wp-json\/wp\/v2\/product\/27058"}],"collection":[{"href":"https:\/\/marneantic.com\/index.php\/wp-json\/wp\/v2\/product"}],"about":[{"href":"https:\/\/marneantic.com\/index.php\/wp-json\/wp\/v2\/types\/product"}],"replies":[{"embeddable":true,"href":"https:\/\/marneantic.com\/index.php\/wp-json\/wp\/v2\/comments?post=27058"}],"wp:featuredmedia":[{"embeddable":true,"href":"https:\/\/marneantic.com\/index.php\/wp-json\/wp\/v2\/media\/27062"}],"wp:attachment":[{"href":"https:\/\/marneantic.com\/index.php\/wp-json\/wp\/v2\/media?parent=27058"}],"wp:term":[{"taxonomy":"product_cat","embeddable":true,"href":"https:\/\/marneantic.com\/index.php\/wp-json\/wp\/v2\/product_cat?post=27058"},{"taxonomy":"product_tag","embeddable":true,"href":"https:\/\/marneantic.com\/index.php\/wp-json\/wp\/v2\/product_tag?post=27058"}],"curies":[{"name":"wp","href":"https:\/\/api.w.org\/{rel}","templated":true}]}}