{"id":27137,"date":"2025-10-16T16:06:06","date_gmt":"2025-10-16T15:06:06","guid":{"rendered":"https:\/\/marneantic.com\/?post_type=product&#038;p=27137"},"modified":"2026-03-02T17:26:51","modified_gmt":"2026-03-02T16:26:51","slug":"pendule-vintage-formica-jaune-japy","status":"publish","type":"product","link":"https:\/\/marneantic.com\/index.php\/produit\/pendule-vintage-formica-jaune-japy\/","title":{"rendered":"Pendule vintage formica jaune Japy"},"content":{"rendered":"","protected":false},"excerpt":{"rendered":"<p>Pendule vintage formica jaune Japy, en tr\u00e8s bon \u00e9tat, m\u00e9canisme neuf, silencieux, largeur: 24.5cm, hauteur:20cm<\/p>\n","protected":false},"featured_media":27138,"comment_status":"closed","ping_status":"closed","template":"","meta":{"_et_pb_use_builder":"","_et_pb_old_content":"","_et_gb_content_width":""},"product_cat":[18,16,30],"product_tag":[],"_links":{"self":[{"href":"https:\/\/marneantic.com\/index.php\/wp-json\/wp\/v2\/product\/27137"}],"collection":[{"href":"https:\/\/marneantic.com\/index.php\/wp-json\/wp\/v2\/product"}],"about":[{"href":"https:\/\/marneantic.com\/index.php\/wp-json\/wp\/v2\/types\/product"}],"replies":[{"embeddable":true,"href":"https:\/\/marneantic.com\/index.php\/wp-json\/wp\/v2\/comments?post=27137"}],"wp:featuredmedia":[{"embeddable":true,"href":"https:\/\/marneantic.com\/index.php\/wp-json\/wp\/v2\/media\/27138"}],"wp:attachment":[{"href":"https:\/\/marneantic.com\/index.php\/wp-json\/wp\/v2\/media?parent=27137"}],"wp:term":[{"taxonomy":"product_cat","embeddable":true,"href":"https:\/\/marneantic.com\/index.php\/wp-json\/wp\/v2\/product_cat?post=27137"},{"taxonomy":"product_tag","embeddable":true,"href":"https:\/\/marneantic.com\/index.php\/wp-json\/wp\/v2\/product_tag?post=27137"}],"curies":[{"name":"wp","href":"https:\/\/api.w.org\/{rel}","templated":true}]}}