{"id":27148,"date":"2025-10-17T14:22:18","date_gmt":"2025-10-17T13:22:18","guid":{"rendered":"https:\/\/marneantic.com\/?post_type=product&#038;p=27148"},"modified":"2025-10-25T10:35:56","modified_gmt":"2025-10-25T09:35:56","slug":"applique-de-salle-de-bain-art-deco-ancienne-chromee-et-verre-depoli","status":"publish","type":"product","link":"https:\/\/marneantic.com\/index.php\/produit\/applique-de-salle-de-bain-art-deco-ancienne-chromee-et-verre-depoli\/","title":{"rendered":"Applique de salle de bain art d\u00e9co ancienne chrom\u00e9e et verre d\u00e9poli"},"content":{"rendered":"","protected":false},"excerpt":{"rendered":"<p>Applique de salle de bain art d\u00e9co ancienne en m\u00e9tal chrom\u00e9e et verre d\u00e9poli, en bon \u00e9tat, \u00e9lectricit\u00e9 test\u00e9e, fonctionne parfaitement, longueur totale:32cm,diametre tube.6cm,profondeur au mur:8cm fournie avec ampoules<\/p>\n<p>&nbsp;<\/p>\n","protected":false},"featured_media":27149,"comment_status":"closed","ping_status":"closed","template":"","meta":{"_et_pb_use_builder":"","_et_pb_old_content":"","_et_gb_content_width":""},"product_cat":[44,24,16,30],"product_tag":[],"_links":{"self":[{"href":"https:\/\/marneantic.com\/index.php\/wp-json\/wp\/v2\/product\/27148"}],"collection":[{"href":"https:\/\/marneantic.com\/index.php\/wp-json\/wp\/v2\/product"}],"about":[{"href":"https:\/\/marneantic.com\/index.php\/wp-json\/wp\/v2\/types\/product"}],"replies":[{"embeddable":true,"href":"https:\/\/marneantic.com\/index.php\/wp-json\/wp\/v2\/comments?post=27148"}],"wp:featuredmedia":[{"embeddable":true,"href":"https:\/\/marneantic.com\/index.php\/wp-json\/wp\/v2\/media\/27149"}],"wp:attachment":[{"href":"https:\/\/marneantic.com\/index.php\/wp-json\/wp\/v2\/media?parent=27148"}],"wp:term":[{"taxonomy":"product_cat","embeddable":true,"href":"https:\/\/marneantic.com\/index.php\/wp-json\/wp\/v2\/product_cat?post=27148"},{"taxonomy":"product_tag","embeddable":true,"href":"https:\/\/marneantic.com\/index.php\/wp-json\/wp\/v2\/product_tag?post=27148"}],"curies":[{"name":"wp","href":"https:\/\/api.w.org\/{rel}","templated":true}]}}