{"id":27193,"date":"2025-10-23T13:25:02","date_gmt":"2025-10-23T12:25:02","guid":{"rendered":"https:\/\/marneantic.com\/?post_type=product&#038;p=27193"},"modified":"2025-10-23T13:32:29","modified_gmt":"2025-10-23T12:32:29","slug":"drap-denfant-ancien-brode","status":"publish","type":"product","link":"https:\/\/marneantic.com\/index.php\/produit\/drap-denfant-ancien-brode\/","title":{"rendered":"Drap d&rsquo;enfant ancien brod\u00e9"},"content":{"rendered":"","protected":false},"excerpt":{"rendered":"<p><strong>Drap d&rsquo;enfant ancien brod\u00e9, couleur rose et blanc, en tr\u00e8s bon \u00e9tat, linge v\u00e9rifi\u00e9 sortie d&rsquo;armoire ancienne<\/strong><\/p>\n<div><strong>largeur:120cm<\/strong><\/div>\n<div><strong>hauteur:160cm<\/strong><\/div>\n","protected":false},"featured_media":27194,"comment_status":"open","ping_status":"closed","template":"","meta":{"_et_pb_use_builder":"","_et_pb_old_content":"","_et_gb_content_width":""},"product_cat":[33],"product_tag":[],"_links":{"self":[{"href":"https:\/\/marneantic.com\/index.php\/wp-json\/wp\/v2\/product\/27193"}],"collection":[{"href":"https:\/\/marneantic.com\/index.php\/wp-json\/wp\/v2\/product"}],"about":[{"href":"https:\/\/marneantic.com\/index.php\/wp-json\/wp\/v2\/types\/product"}],"replies":[{"embeddable":true,"href":"https:\/\/marneantic.com\/index.php\/wp-json\/wp\/v2\/comments?post=27193"}],"wp:featuredmedia":[{"embeddable":true,"href":"https:\/\/marneantic.com\/index.php\/wp-json\/wp\/v2\/media\/27194"}],"wp:attachment":[{"href":"https:\/\/marneantic.com\/index.php\/wp-json\/wp\/v2\/media?parent=27193"}],"wp:term":[{"taxonomy":"product_cat","embeddable":true,"href":"https:\/\/marneantic.com\/index.php\/wp-json\/wp\/v2\/product_cat?post=27193"},{"taxonomy":"product_tag","embeddable":true,"href":"https:\/\/marneantic.com\/index.php\/wp-json\/wp\/v2\/product_tag?post=27193"}],"curies":[{"name":"wp","href":"https:\/\/api.w.org\/{rel}","templated":true}]}}