{"id":27267,"date":"2025-10-31T15:30:36","date_gmt":"2025-10-31T14:30:36","guid":{"rendered":"https:\/\/marneantic.com\/?post_type=product&#038;p=27267"},"modified":"2025-10-31T15:40:28","modified_gmt":"2025-10-31T14:40:28","slug":"petit-cadre-a-poser-ancien-en-bois","status":"publish","type":"product","link":"https:\/\/marneantic.com\/index.php\/produit\/petit-cadre-a-poser-ancien-en-bois\/","title":{"rendered":"Petit cadre a poser ancien en bois"},"content":{"rendered":"","protected":false},"excerpt":{"rendered":"<p>Petit cadre a poser ancien en bois, en bon \u00e9tat, la cale de repose arri\u00e9r\u00e9 a \u00e9t\u00e9 pli\u00e9e, voir photo<br \/>\nhauteur:18.8cm<br \/>\nlargeur:10.6cm<br \/>\ndimensions utiles:14.2&#215;9.2cm<\/p>\n","protected":false},"featured_media":27268,"comment_status":"open","ping_status":"closed","template":"","meta":{"_et_pb_use_builder":"","_et_pb_old_content":"","_et_gb_content_width":""},"product_cat":[8],"product_tag":[],"_links":{"self":[{"href":"https:\/\/marneantic.com\/index.php\/wp-json\/wp\/v2\/product\/27267"}],"collection":[{"href":"https:\/\/marneantic.com\/index.php\/wp-json\/wp\/v2\/product"}],"about":[{"href":"https:\/\/marneantic.com\/index.php\/wp-json\/wp\/v2\/types\/product"}],"replies":[{"embeddable":true,"href":"https:\/\/marneantic.com\/index.php\/wp-json\/wp\/v2\/comments?post=27267"}],"wp:featuredmedia":[{"embeddable":true,"href":"https:\/\/marneantic.com\/index.php\/wp-json\/wp\/v2\/media\/27268"}],"wp:attachment":[{"href":"https:\/\/marneantic.com\/index.php\/wp-json\/wp\/v2\/media?parent=27267"}],"wp:term":[{"taxonomy":"product_cat","embeddable":true,"href":"https:\/\/marneantic.com\/index.php\/wp-json\/wp\/v2\/product_cat?post=27267"},{"taxonomy":"product_tag","embeddable":true,"href":"https:\/\/marneantic.com\/index.php\/wp-json\/wp\/v2\/product_tag?post=27267"}],"curies":[{"name":"wp","href":"https:\/\/api.w.org\/{rel}","templated":true}]}}

<p>Petit cadre a poser ancien en bois, en bon état, la cale de repose arriéré a été pliée, voir photo<br />
hauteur:18.8cm<br />
largeur:10.6cm<br />
dimensions utiles:14.2&#215;9.2cm</p>
