{"id":27291,"date":"2025-11-06T14:24:29","date_gmt":"2025-11-06T13:24:29","guid":{"rendered":"https:\/\/marneantic.com\/?post_type=product&#038;p=27291"},"modified":"2025-11-06T14:31:11","modified_gmt":"2025-11-06T13:31:11","slug":"porte-pics-moulin-art-deco-metal-chrome","status":"publish","type":"product","link":"https:\/\/marneantic.com\/index.php\/produit\/porte-pics-moulin-art-deco-metal-chrome\/","title":{"rendered":"Porte-pics moulin art d\u00e9co &#8211; m\u00e9tal chrom\u00e9"},"content":{"rendered":"","protected":false},"excerpt":{"rendered":"<p><strong>Porte pics forme moulin art d\u00e9co en m\u00e9tal chrom\u00e9, laiton et socle en palissandre, complet avec 12 pics, en bon \u00e9tat(petits manques et traces de petites cloques sur le chrome du moulin)<\/strong><\/p>\n<div><strong>socle largeur: : 9cm<\/strong><\/div>\n<div><strong>hauteur: 15cm<\/strong><\/div>\n<div><\/div>\n","protected":false},"featured_media":27294,"comment_status":"closed","ping_status":"closed","template":"","meta":{"_et_pb_use_builder":"","_et_pb_old_content":"","_et_gb_content_width":""},"product_cat":[13,10,44],"product_tag":[],"_links":{"self":[{"href":"https:\/\/marneantic.com\/index.php\/wp-json\/wp\/v2\/product\/27291"}],"collection":[{"href":"https:\/\/marneantic.com\/index.php\/wp-json\/wp\/v2\/product"}],"about":[{"href":"https:\/\/marneantic.com\/index.php\/wp-json\/wp\/v2\/types\/product"}],"replies":[{"embeddable":true,"href":"https:\/\/marneantic.com\/index.php\/wp-json\/wp\/v2\/comments?post=27291"}],"wp:featuredmedia":[{"embeddable":true,"href":"https:\/\/marneantic.com\/index.php\/wp-json\/wp\/v2\/media\/27294"}],"wp:attachment":[{"href":"https:\/\/marneantic.com\/index.php\/wp-json\/wp\/v2\/media?parent=27291"}],"wp:term":[{"taxonomy":"product_cat","embeddable":true,"href":"https:\/\/marneantic.com\/index.php\/wp-json\/wp\/v2\/product_cat?post=27291"},{"taxonomy":"product_tag","embeddable":true,"href":"https:\/\/marneantic.com\/index.php\/wp-json\/wp\/v2\/product_tag?post=27291"}],"curies":[{"name":"wp","href":"https:\/\/api.w.org\/{rel}","templated":true}]}}