{"id":27314,"date":"2025-12-02T14:33:39","date_gmt":"2025-12-02T13:33:39","guid":{"rendered":"https:\/\/marneantic.com\/?post_type=product&#038;p=27314"},"modified":"2025-12-20T14:08:40","modified_gmt":"2025-12-20T13:08:40","slug":"argentier-coffret-ecrin-ancien-en-bois-pour-menagere","status":"publish","type":"product","link":"https:\/\/marneantic.com\/index.php\/produit\/argentier-coffret-ecrin-ancien-en-bois-pour-menagere\/","title":{"rendered":"Argentier Coffret \u00c9crin ancien en bois pour M\u00e9nag\u00e8re"},"content":{"rendered":"","protected":false},"excerpt":{"rendered":"<p><strong>Argentier Coffret \u00c9crin ancien en bois pour M\u00e9nag\u00e8re 60 pi\u00e8ces + louche<\/strong><strong><br \/>\n<\/strong><\/p>\n<p><strong>Dimensions 40 x 31 cm<\/strong><\/p>\n<p><strong>Hauteur 12 cm<\/strong><\/p>\n<p><b>en bon \u00e9tat, a signaler un petit \u00e9clat de plaquage sur le dessus(voir photo)<\/b><\/p>\n","protected":false},"featured_media":27315,"comment_status":"open","ping_status":"closed","template":"","meta":{"_et_pb_use_builder":"","_et_pb_old_content":"","_et_gb_content_width":""},"product_cat":[10,29,30],"product_tag":[],"_links":{"self":[{"href":"https:\/\/marneantic.com\/index.php\/wp-json\/wp\/v2\/product\/27314"}],"collection":[{"href":"https:\/\/marneantic.com\/index.php\/wp-json\/wp\/v2\/product"}],"about":[{"href":"https:\/\/marneantic.com\/index.php\/wp-json\/wp\/v2\/types\/product"}],"replies":[{"embeddable":true,"href":"https:\/\/marneantic.com\/index.php\/wp-json\/wp\/v2\/comments?post=27314"}],"wp:featuredmedia":[{"embeddable":true,"href":"https:\/\/marneantic.com\/index.php\/wp-json\/wp\/v2\/media\/27315"}],"wp:attachment":[{"href":"https:\/\/marneantic.com\/index.php\/wp-json\/wp\/v2\/media?parent=27314"}],"wp:term":[{"taxonomy":"product_cat","embeddable":true,"href":"https:\/\/marneantic.com\/index.php\/wp-json\/wp\/v2\/product_cat?post=27314"},{"taxonomy":"product_tag","embeddable":true,"href":"https:\/\/marneantic.com\/index.php\/wp-json\/wp\/v2\/product_tag?post=27314"}],"curies":[{"name":"wp","href":"https:\/\/api.w.org\/{rel}","templated":true}]}}