{"id":27328,"date":"2025-12-03T16:25:37","date_gmt":"2025-12-03T15:25:37","guid":{"rendered":"https:\/\/marneantic.com\/?post_type=product&#038;p=27328"},"modified":"2025-12-03T16:34:56","modified_gmt":"2025-12-03T15:34:56","slug":"taie-doreiller-ancienne-brodee-75x75cm","status":"publish","type":"product","link":"https:\/\/marneantic.com\/index.php\/produit\/taie-doreiller-ancienne-brodee-75x75cm\/","title":{"rendered":"Taie d&rsquo;oreiller ancienne brod\u00e9e: 75x75cm"},"content":{"rendered":"","protected":false},"excerpt":{"rendered":"<p>Taie d&rsquo;oreiller ancienne brod\u00e9e: 75x75cm, en tr\u00e8s bon \u00e9tat<br \/>\nlinge sorti d&rsquo;armoire ancienne, lav\u00e9 v\u00e9rifi\u00e9 et repass\u00e9, il subsiste sur cette taie 2 petites taches(voir photo)qui ont \u00e9chapp\u00e9es a notre lavage<\/p>\n","protected":false},"featured_media":27329,"comment_status":"open","ping_status":"closed","template":"","meta":{"_et_pb_use_builder":"","_et_pb_old_content":"","_et_gb_content_width":""},"product_cat":[33],"product_tag":[],"_links":{"self":[{"href":"https:\/\/marneantic.com\/index.php\/wp-json\/wp\/v2\/product\/27328"}],"collection":[{"href":"https:\/\/marneantic.com\/index.php\/wp-json\/wp\/v2\/product"}],"about":[{"href":"https:\/\/marneantic.com\/index.php\/wp-json\/wp\/v2\/types\/product"}],"replies":[{"embeddable":true,"href":"https:\/\/marneantic.com\/index.php\/wp-json\/wp\/v2\/comments?post=27328"}],"wp:featuredmedia":[{"embeddable":true,"href":"https:\/\/marneantic.com\/index.php\/wp-json\/wp\/v2\/media\/27329"}],"wp:attachment":[{"href":"https:\/\/marneantic.com\/index.php\/wp-json\/wp\/v2\/media?parent=27328"}],"wp:term":[{"taxonomy":"product_cat","embeddable":true,"href":"https:\/\/marneantic.com\/index.php\/wp-json\/wp\/v2\/product_cat?post=27328"},{"taxonomy":"product_tag","embeddable":true,"href":"https:\/\/marneantic.com\/index.php\/wp-json\/wp\/v2\/product_tag?post=27328"}],"curies":[{"name":"wp","href":"https:\/\/api.w.org\/{rel}","templated":true}]}}