{"id":27373,"date":"2025-12-16T14:16:55","date_gmt":"2025-12-16T13:16:55","guid":{"rendered":"https:\/\/marneantic.com\/?post_type=product&#038;p=27373"},"modified":"2025-12-16T14:22:59","modified_gmt":"2025-12-16T13:22:59","slug":"pot-de-chambre-ancien-en-faience-dorchies-a-la-mariee","status":"publish","type":"product","link":"https:\/\/marneantic.com\/index.php\/produit\/pot-de-chambre-ancien-en-faience-dorchies-a-la-mariee\/","title":{"rendered":"Pot de chambre ancien en fa\u00efence d&rsquo;Orchies \u00ab\u00a0a la mari\u00e9e\u00a0\u00bb"},"content":{"rendered":"","protected":false},"excerpt":{"rendered":"<p>Pot de chambre ancien en fa\u00efence d&rsquo;Orchies\/moulin des loups \u00a0\u00bb a la mari\u00e9e \u00a0\u00bb \u00a0avec \u0153il au fond et inscription \u00a0\u00bb a la mari\u00e9e \u00ab\u00a0en tr\u00e8s bon \u00e9tat,hauteur:13.3cm,diam\u00e8tre:21cm<\/p>\n","protected":false},"featured_media":27374,"comment_status":"open","ping_status":"closed","template":"","meta":{"_et_pb_use_builder":"","_et_pb_old_content":"","_et_gb_content_width":""},"product_cat":[14,8],"product_tag":[],"_links":{"self":[{"href":"https:\/\/marneantic.com\/index.php\/wp-json\/wp\/v2\/product\/27373"}],"collection":[{"href":"https:\/\/marneantic.com\/index.php\/wp-json\/wp\/v2\/product"}],"about":[{"href":"https:\/\/marneantic.com\/index.php\/wp-json\/wp\/v2\/types\/product"}],"replies":[{"embeddable":true,"href":"https:\/\/marneantic.com\/index.php\/wp-json\/wp\/v2\/comments?post=27373"}],"wp:featuredmedia":[{"embeddable":true,"href":"https:\/\/marneantic.com\/index.php\/wp-json\/wp\/v2\/media\/27374"}],"wp:attachment":[{"href":"https:\/\/marneantic.com\/index.php\/wp-json\/wp\/v2\/media?parent=27373"}],"wp:term":[{"taxonomy":"product_cat","embeddable":true,"href":"https:\/\/marneantic.com\/index.php\/wp-json\/wp\/v2\/product_cat?post=27373"},{"taxonomy":"product_tag","embeddable":true,"href":"https:\/\/marneantic.com\/index.php\/wp-json\/wp\/v2\/product_tag?post=27373"}],"curies":[{"name":"wp","href":"https:\/\/api.w.org\/{rel}","templated":true}]}}