{"id":27406,"date":"2025-12-18T15:23:01","date_gmt":"2025-12-18T14:23:01","guid":{"rendered":"https:\/\/marneantic.com\/?post_type=product&#038;p=27406"},"modified":"2026-01-09T08:15:42","modified_gmt":"2026-01-09T07:15:42","slug":"christ-sur-croix-ancien-en-nacre-et-argent","status":"publish","type":"product","link":"https:\/\/marneantic.com\/index.php\/produit\/christ-sur-croix-ancien-en-nacre-et-argent\/","title":{"rendered":"Christ sur croix ancien en nacre et argent"},"content":{"rendered":"","protected":false},"excerpt":{"rendered":"<p align=\"center\"><span style=\"color: #ff0000; font-family: Arial; font-size: x-large;\"><b>Christ sur croix ancien en nacre et argent<\/b><\/span><\/p>\n<p align=\"center\"><span style=\"color: #ff0000; font-family: Arial; font-size: x-large;\"><b>poin\u00e7onn\u00e9 sur la b\u00e9li\u00e8re<\/b><\/span><\/p>\n<p align=\"center\"><span style=\"color: #ff0000; font-family: Arial; font-size: x-large;\"><b>en tr\u00e8s bon \u00e9tat<\/b><\/span><\/p>\n<p align=\"center\"><span style=\"color: #ff0000; font-family: Arial; font-size: large;\"><b>hauteur sans la b\u00e9li\u00e8re: 7.5cm<\/b><\/span><\/p>\n<p align=\"center\"><span style=\"color: #ff0000; font-family: Arial; font-size: large;\"><b>largeur: 5cm<\/b><\/span><\/p>\n","protected":false},"featured_media":27407,"comment_status":"closed","ping_status":"closed","template":"","meta":{"_et_pb_use_builder":"","_et_pb_old_content":"","_et_gb_content_width":""},"product_cat":[14,30],"product_tag":[],"_links":{"self":[{"href":"https:\/\/marneantic.com\/index.php\/wp-json\/wp\/v2\/product\/27406"}],"collection":[{"href":"https:\/\/marneantic.com\/index.php\/wp-json\/wp\/v2\/product"}],"about":[{"href":"https:\/\/marneantic.com\/index.php\/wp-json\/wp\/v2\/types\/product"}],"replies":[{"embeddable":true,"href":"https:\/\/marneantic.com\/index.php\/wp-json\/wp\/v2\/comments?post=27406"}],"wp:featuredmedia":[{"embeddable":true,"href":"https:\/\/marneantic.com\/index.php\/wp-json\/wp\/v2\/media\/27407"}],"wp:attachment":[{"href":"https:\/\/marneantic.com\/index.php\/wp-json\/wp\/v2\/media?parent=27406"}],"wp:term":[{"taxonomy":"product_cat","embeddable":true,"href":"https:\/\/marneantic.com\/index.php\/wp-json\/wp\/v2\/product_cat?post=27406"},{"taxonomy":"product_tag","embeddable":true,"href":"https:\/\/marneantic.com\/index.php\/wp-json\/wp\/v2\/product_tag?post=27406"}],"curies":[{"name":"wp","href":"https:\/\/api.w.org\/{rel}","templated":true}]}}