{"id":27667,"date":"2026-02-11T14:49:50","date_gmt":"2026-02-11T13:49:50","guid":{"rendered":"https:\/\/marneantic.com\/?post_type=product&#038;p=27667"},"modified":"2026-02-11T15:01:02","modified_gmt":"2026-02-11T14:01:02","slug":"sauciere-ancienne-en-faience-de-sarreguemines-modele-berthe","status":"publish","type":"product","link":"https:\/\/marneantic.com\/index.php\/produit\/sauciere-ancienne-en-faience-de-sarreguemines-modele-berthe\/","title":{"rendered":"Sauci\u00e8re ancienne en fa\u00efence de Sarreguemines, mod\u00e8le Berthe"},"content":{"rendered":"","protected":false},"excerpt":{"rendered":"<p>Sauci\u00e8re ancienne en fa\u00efence de Sarreguemines, mod\u00e8le Berthe, en bon \u00e9tat (pr\u00e9sence de taches brunes dans la pate a l&rsquo;int\u00e9rieur) longueur:16.5cm, largeur:9.5cm, hauteur:10.3cm<\/p>\n","protected":false},"featured_media":27669,"comment_status":"open","ping_status":"closed","template":"","meta":{"_et_pb_use_builder":"","_et_pb_old_content":"","_et_gb_content_width":""},"product_cat":[13,10,28,7],"product_tag":[],"_links":{"self":[{"href":"https:\/\/marneantic.com\/index.php\/wp-json\/wp\/v2\/product\/27667"}],"collection":[{"href":"https:\/\/marneantic.com\/index.php\/wp-json\/wp\/v2\/product"}],"about":[{"href":"https:\/\/marneantic.com\/index.php\/wp-json\/wp\/v2\/types\/product"}],"replies":[{"embeddable":true,"href":"https:\/\/marneantic.com\/index.php\/wp-json\/wp\/v2\/comments?post=27667"}],"wp:featuredmedia":[{"embeddable":true,"href":"https:\/\/marneantic.com\/index.php\/wp-json\/wp\/v2\/media\/27669"}],"wp:attachment":[{"href":"https:\/\/marneantic.com\/index.php\/wp-json\/wp\/v2\/media?parent=27667"}],"wp:term":[{"taxonomy":"product_cat","embeddable":true,"href":"https:\/\/marneantic.com\/index.php\/wp-json\/wp\/v2\/product_cat?post=27667"},{"taxonomy":"product_tag","embeddable":true,"href":"https:\/\/marneantic.com\/index.php\/wp-json\/wp\/v2\/product_tag?post=27667"}],"curies":[{"name":"wp","href":"https:\/\/api.w.org\/{rel}","templated":true}]}}