{"id":27828,"date":"2026-03-26T14:31:57","date_gmt":"2026-03-26T13:31:57","guid":{"rendered":"https:\/\/marneantic.com\/?post_type=product&#038;p=27828"},"modified":"2026-03-26T14:38:02","modified_gmt":"2026-03-26T13:38:02","slug":"plat-de-service-ancien-en-faience-de-saint-amand-modele-boule-de-neige","status":"publish","type":"product","link":"https:\/\/marneantic.com\/index.php\/produit\/plat-de-service-ancien-en-faience-de-saint-amand-modele-boule-de-neige\/","title":{"rendered":"Plat de service ancien en fa\u00efence de Saint-Amand, mod\u00e8le Boule de neige"},"content":{"rendered":"","protected":false},"excerpt":{"rendered":"<p><strong>Plat de service ancien en fa\u00efence de Saint-Amand, mod\u00e8le Boule de neige, en bon \u00e9tat, pr\u00e9sence de taches brunes dans la pate<\/strong><\/p>\n<p><strong><span style=\"font-size: large;\">diametre:28cm<\/span><\/strong><\/p>\n","protected":false},"featured_media":27829,"comment_status":"open","ping_status":"closed","template":"","meta":{"_et_pb_use_builder":"","_et_pb_old_content":"","_et_gb_content_width":""},"product_cat":[28,7],"product_tag":[],"_links":{"self":[{"href":"https:\/\/marneantic.com\/index.php\/wp-json\/wp\/v2\/product\/27828"}],"collection":[{"href":"https:\/\/marneantic.com\/index.php\/wp-json\/wp\/v2\/product"}],"about":[{"href":"https:\/\/marneantic.com\/index.php\/wp-json\/wp\/v2\/types\/product"}],"replies":[{"embeddable":true,"href":"https:\/\/marneantic.com\/index.php\/wp-json\/wp\/v2\/comments?post=27828"}],"wp:featuredmedia":[{"embeddable":true,"href":"https:\/\/marneantic.com\/index.php\/wp-json\/wp\/v2\/media\/27829"}],"wp:attachment":[{"href":"https:\/\/marneantic.com\/index.php\/wp-json\/wp\/v2\/media?parent=27828"}],"wp:term":[{"taxonomy":"product_cat","embeddable":true,"href":"https:\/\/marneantic.com\/index.php\/wp-json\/wp\/v2\/product_cat?post=27828"},{"taxonomy":"product_tag","embeddable":true,"href":"https:\/\/marneantic.com\/index.php\/wp-json\/wp\/v2\/product_tag?post=27828"}],"curies":[{"name":"wp","href":"https:\/\/api.w.org\/{rel}","templated":true}]}}