{"id":27880,"date":"2026-04-06T18:35:26","date_gmt":"2026-04-06T17:35:26","guid":{"rendered":"https:\/\/marneantic.com\/?post_type=product&#038;p=27880"},"modified":"2026-04-06T18:35:26","modified_gmt":"2026-04-06T17:35:26","slug":"table-de-boucher-fin-19eme-fer-forge-laiton-et-marbre","status":"publish","type":"product","link":"https:\/\/marneantic.com\/index.php\/produit\/table-de-boucher-fin-19eme-fer-forge-laiton-et-marbre\/","title":{"rendered":"Table de boucher fin 19eme, fer forg\u00e9, laiton et marbre"},"content":{"rendered":"","protected":false},"excerpt":{"rendered":"<p>Table de boucher fin 19eme en fer forg\u00e9, laiton et dessus marbre<br \/>\nle fer forg\u00e9 est peint de couleur argent\u00e9, marbre blanc vein\u00e9 en tr\u00e8s bon \u00e9tat, sans \u00e9clat<br \/>\nlongueur: 80cm<br \/>\nprofondeur: 60cm<br \/>\nhauteur:84.5cm<\/p>\n<p>pas d&rsquo;exp\u00e9dition postale pour cet article, remise en main propre domicile ou livraison possible en r\u00e9gion parisienne(conditions sur demande) Les produits propos\u00e9s dans notre boutique sont anciens, ils peuvent pr\u00e9sent\u00e9s des traces d\u2019usure, d&rsquo;usage ou rayures qui donnent au produit son caract\u00e8re et son authenticit\u00e9, ils sont pr\u00e9sent\u00e9s au mieux dans la description, \u00e0 travers photos et textes, merci de bien les regarder.<\/p>\n","protected":false},"featured_media":27885,"comment_status":"open","ping_status":"closed","template":"","meta":{"_et_pb_use_builder":"","_et_pb_old_content":"","_et_gb_content_width":""},"product_cat":[31,16],"product_tag":[],"_links":{"self":[{"href":"https:\/\/marneantic.com\/index.php\/wp-json\/wp\/v2\/product\/27880"}],"collection":[{"href":"https:\/\/marneantic.com\/index.php\/wp-json\/wp\/v2\/product"}],"about":[{"href":"https:\/\/marneantic.com\/index.php\/wp-json\/wp\/v2\/types\/product"}],"replies":[{"embeddable":true,"href":"https:\/\/marneantic.com\/index.php\/wp-json\/wp\/v2\/comments?post=27880"}],"wp:featuredmedia":[{"embeddable":true,"href":"https:\/\/marneantic.com\/index.php\/wp-json\/wp\/v2\/media\/27885"}],"wp:attachment":[{"href":"https:\/\/marneantic.com\/index.php\/wp-json\/wp\/v2\/media?parent=27880"}],"wp:term":[{"taxonomy":"product_cat","embeddable":true,"href":"https:\/\/marneantic.com\/index.php\/wp-json\/wp\/v2\/product_cat?post=27880"},{"taxonomy":"product_tag","embeddable":true,"href":"https:\/\/marneantic.com\/index.php\/wp-json\/wp\/v2\/product_tag?post=27880"}],"curies":[{"name":"wp","href":"https:\/\/api.w.org\/{rel}","templated":true}]}}