{"id":2870,"date":"2017-01-03T17:12:37","date_gmt":"2017-01-03T16:12:37","guid":{"rendered":"http:\/\/marneantic.com\/?post_type=product&#038;p=2870"},"modified":"2017-01-03T17:12:37","modified_gmt":"2017-01-03T16:12:37","slug":"assiette-decorative-en-faience-de-st-clement","status":"publish","type":"product","link":"https:\/\/marneantic.com\/index.php\/produit\/assiette-decorative-en-faience-de-st-clement\/","title":{"rendered":"Assiette d\u00e9corative en fa\u00efence de st clement"},"content":{"rendered":"","protected":false},"excerpt":{"rendered":"<p>Assiette d\u00e9corative en fa\u00efence de st Cl\u00e9ment,d\u00e9cor dans le gout de desvres,en tr\u00e8s bon \u00e9tat,diametre:24cm<\/p>\n","protected":false},"featured_media":2872,"comment_status":"closed","ping_status":"closed","template":"","meta":{"_et_pb_use_builder":"","_et_pb_old_content":"","_et_gb_content_width":""},"product_cat":[27,8,7],"product_tag":[],"_links":{"self":[{"href":"https:\/\/marneantic.com\/index.php\/wp-json\/wp\/v2\/product\/2870"}],"collection":[{"href":"https:\/\/marneantic.com\/index.php\/wp-json\/wp\/v2\/product"}],"about":[{"href":"https:\/\/marneantic.com\/index.php\/wp-json\/wp\/v2\/types\/product"}],"replies":[{"embeddable":true,"href":"https:\/\/marneantic.com\/index.php\/wp-json\/wp\/v2\/comments?post=2870"}],"wp:featuredmedia":[{"embeddable":true,"href":"https:\/\/marneantic.com\/index.php\/wp-json\/wp\/v2\/media\/2872"}],"wp:attachment":[{"href":"https:\/\/marneantic.com\/index.php\/wp-json\/wp\/v2\/media?parent=2870"}],"wp:term":[{"taxonomy":"product_cat","embeddable":true,"href":"https:\/\/marneantic.com\/index.php\/wp-json\/wp\/v2\/product_cat?post=2870"},{"taxonomy":"product_tag","embeddable":true,"href":"https:\/\/marneantic.com\/index.php\/wp-json\/wp\/v2\/product_tag?post=2870"}],"curies":[{"name":"wp","href":"https:\/\/api.w.org\/{rel}","templated":true}]}}

Assiette décorative en faïence de st clement

<p>Assiette décorative en faïence de st Clément,décor dans le gout de desvres,en très bon état,diametre:24cm</p>
