{"id":3244,"date":"2017-02-21T14:13:07","date_gmt":"2017-02-21T13:13:07","guid":{"rendered":"http:\/\/marneantic.com\/?post_type=product&#038;p=3244"},"modified":"2017-02-21T14:13:07","modified_gmt":"2017-02-21T13:13:07","slug":"verre-19eme-en-cristal-et-dorures","status":"publish","type":"product","link":"https:\/\/marneantic.com\/index.php\/produit\/verre-19eme-en-cristal-et-dorures\/","title":{"rendered":"Verre 19eme en cristal et dorures"},"content":{"rendered":"","protected":false},"excerpt":{"rendered":"<p>Verre 19eme en cristal et d\u00e9cor de dorures(partiellement effac\u00e9s)en bon \u00e9tat,hauteur:15cm,diam\u00e8tre du buvant:8.5cm,diam\u00e8tre du pied:7.8cm<\/p>\n","protected":false},"featured_media":3246,"comment_status":"closed","ping_status":"closed","template":"","meta":{"_et_pb_use_builder":"","_et_pb_old_content":"","_et_gb_content_width":""},"product_cat":[10,11],"product_tag":[],"_links":{"self":[{"href":"https:\/\/marneantic.com\/index.php\/wp-json\/wp\/v2\/product\/3244"}],"collection":[{"href":"https:\/\/marneantic.com\/index.php\/wp-json\/wp\/v2\/product"}],"about":[{"href":"https:\/\/marneantic.com\/index.php\/wp-json\/wp\/v2\/types\/product"}],"replies":[{"embeddable":true,"href":"https:\/\/marneantic.com\/index.php\/wp-json\/wp\/v2\/comments?post=3244"}],"wp:featuredmedia":[{"embeddable":true,"href":"https:\/\/marneantic.com\/index.php\/wp-json\/wp\/v2\/media\/3246"}],"wp:attachment":[{"href":"https:\/\/marneantic.com\/index.php\/wp-json\/wp\/v2\/media?parent=3244"}],"wp:term":[{"taxonomy":"product_cat","embeddable":true,"href":"https:\/\/marneantic.com\/index.php\/wp-json\/wp\/v2\/product_cat?post=3244"},{"taxonomy":"product_tag","embeddable":true,"href":"https:\/\/marneantic.com\/index.php\/wp-json\/wp\/v2\/product_tag?post=3244"}],"curies":[{"name":"wp","href":"https:\/\/api.w.org\/{rel}","templated":true}]}}