{"id":4215,"date":"2017-12-29T17:02:23","date_gmt":"2017-12-29T16:02:23","guid":{"rendered":"http:\/\/marneantic.com\/?post_type=product&#038;p=4215"},"modified":"2017-12-29T17:02:23","modified_gmt":"2017-12-29T16:02:23","slug":"vase-cristal-de-sevres","status":"publish","type":"product","link":"https:\/\/marneantic.com\/index.php\/produit\/vase-cristal-de-sevres\/","title":{"rendered":"vase cristal de SEVRES"},"content":{"rendered":"","protected":false},"excerpt":{"rendered":"<p>vase en cristal de S\u00c8VRES,en tr\u00e8s bon \u00e9tat,hauteur:15.5cm,diam\u00e8tre:9cm<\/p>\n","protected":false},"featured_media":4218,"comment_status":"closed","ping_status":"closed","template":"","meta":{"_et_pb_use_builder":"","_et_pb_old_content":"","_et_gb_content_width":""},"product_cat":[14,8,11],"product_tag":[],"_links":{"self":[{"href":"https:\/\/marneantic.com\/index.php\/wp-json\/wp\/v2\/product\/4215"}],"collection":[{"href":"https:\/\/marneantic.com\/index.php\/wp-json\/wp\/v2\/product"}],"about":[{"href":"https:\/\/marneantic.com\/index.php\/wp-json\/wp\/v2\/types\/product"}],"replies":[{"embeddable":true,"href":"https:\/\/marneantic.com\/index.php\/wp-json\/wp\/v2\/comments?post=4215"}],"wp:featuredmedia":[{"embeddable":true,"href":"https:\/\/marneantic.com\/index.php\/wp-json\/wp\/v2\/media\/4218"}],"wp:attachment":[{"href":"https:\/\/marneantic.com\/index.php\/wp-json\/wp\/v2\/media?parent=4215"}],"wp:term":[{"taxonomy":"product_cat","embeddable":true,"href":"https:\/\/marneantic.com\/index.php\/wp-json\/wp\/v2\/product_cat?post=4215"},{"taxonomy":"product_tag","embeddable":true,"href":"https:\/\/marneantic.com\/index.php\/wp-json\/wp\/v2\/product_tag?post=4215"}],"curies":[{"name":"wp","href":"https:\/\/api.w.org\/{rel}","templated":true}]}}

<p>vase en cristal de SÈVRES,en très bon état,hauteur:15.5cm,diamètre:9cm</p>
