{"id":538,"date":"2016-02-21T15:49:47","date_gmt":"2016-02-21T14:49:47","guid":{"rendered":"http:\/\/marneantic.com\/index.php\/produit\/belle-tasse-a-cafe-ancienne-en-porcelaine\/"},"modified":"2023-05-27T16:06:48","modified_gmt":"2023-05-27T15:06:48","slug":"belle-tasse-a-cafe-ancienne-en-porcelaine","status":"publish","type":"product","link":"https:\/\/marneantic.com\/index.php\/produit\/belle-tasse-a-cafe-ancienne-en-porcelaine\/","title":{"rendered":"Belle tasse a caf\u00e9 ancienne en porcelaine"},"content":{"rendered":"","protected":false},"excerpt":{"rendered":"<p>Tasse et sous-tasse a caf\u00e9 ancienne en porcelaine,d\u00e9cor v\u00e9g\u00e9tal,oiseaux et papillon,en tres bon \u00e9tat,dimensions tasse:diametre:6.5cm,hauteur:6cm,diametre soucoupe:13.4cm,pas de marque de fabrique<\/p>\n","protected":false},"featured_media":537,"comment_status":"closed","ping_status":"closed","template":"","meta":{"_et_pb_use_builder":"","_et_pb_old_content":"","_et_gb_content_width":""},"product_cat":[26,7],"product_tag":[],"_links":{"self":[{"href":"https:\/\/marneantic.com\/index.php\/wp-json\/wp\/v2\/product\/538"}],"collection":[{"href":"https:\/\/marneantic.com\/index.php\/wp-json\/wp\/v2\/product"}],"about":[{"href":"https:\/\/marneantic.com\/index.php\/wp-json\/wp\/v2\/types\/product"}],"replies":[{"embeddable":true,"href":"https:\/\/marneantic.com\/index.php\/wp-json\/wp\/v2\/comments?post=538"}],"wp:featuredmedia":[{"embeddable":true,"href":"https:\/\/marneantic.com\/index.php\/wp-json\/wp\/v2\/media\/537"}],"wp:attachment":[{"href":"https:\/\/marneantic.com\/index.php\/wp-json\/wp\/v2\/media?parent=538"}],"wp:term":[{"taxonomy":"product_cat","embeddable":true,"href":"https:\/\/marneantic.com\/index.php\/wp-json\/wp\/v2\/product_cat?post=538"},{"taxonomy":"product_tag","embeddable":true,"href":"https:\/\/marneantic.com\/index.php\/wp-json\/wp\/v2\/product_tag?post=538"}],"curies":[{"name":"wp","href":"https:\/\/api.w.org\/{rel}","templated":true}]}}

Belle tasse a café ancienne en porcelaine

<p>Tasse et sous-tasse a café ancienne en porcelaine,décor végétal,oiseaux et papillon,en tres bon état,dimensions tasse:diametre:6.5cm,hauteur:6cm,diametre soucoupe:13.4cm,pas de marque de fabrique</p>
